Last updated on 2023-03-30 20:49:22 CEST.
Flavor | Version | Tinstall | Tcheck | Ttotal | Status | Flags |
---|---|---|---|---|---|---|
r-devel-linux-x86_64-debian-clang | 0.1.15 | 1213.03 | 190.35 | 1403.38 | NOTE | |
r-devel-linux-x86_64-debian-gcc | 0.1.15 | 1158.32 | 214.97 | 1373.29 | NOTE | |
r-devel-linux-x86_64-fedora-clang | 0.1.15 | 1789.83 | NOTE | |||
r-devel-linux-x86_64-fedora-gcc | 0.1.15 | 2292.85 | NOTE | |||
r-patched-linux-x86_64 | 0.1.15 | 1114.96 | 282.49 | 1397.45 | NOTE | |
r-release-linux-x86_64 | 0.1.15 | 960.40 | 247.05 | 1207.45 | NOTE | |
r-release-macos-arm64 | 0.1.15 | 342.00 | NOTE | |||
r-release-macos-x86_64 | 0.1.15 | 621.00 | NOTE | |||
r-release-windows-x86_64 | 0.1.15 | 5146.00 | 328.00 | 5474.00 | NOTE | |
r-oldrel-macos-arm64 | 0.1.15 | 328.00 | NOTE | |||
r-oldrel-macos-x86_64 | 0.1.15 | 624.00 | NOTE | |||
r-oldrel-windows-ix86+x86_64 | 0.1.15 | 1387.00 | 20.00 | 1407.00 | ERROR |
Version: 0.1.15
Check: for GNU extensions in Makefiles
Result: NOTE
GNU make is a SystemRequirements.
Flavors: r-devel-linux-x86_64-debian-clang, r-devel-linux-x86_64-debian-gcc, r-devel-linux-x86_64-fedora-clang, r-devel-linux-x86_64-fedora-gcc, r-patched-linux-x86_64, r-release-linux-x86_64, r-release-macos-arm64, r-release-macos-x86_64, r-release-windows-x86_64, r-oldrel-macos-arm64, r-oldrel-macos-x86_64
Version: 0.1.15
Check: installed package size
Result: NOTE
installed size is 11.3Mb
sub-directories of 1Mb or more:
libs 10.9Mb
Flavors: r-devel-linux-x86_64-fedora-clang, r-release-macos-arm64, r-release-macos-x86_64, r-release-windows-x86_64, r-oldrel-macos-arm64, r-oldrel-macos-x86_64
Version: 0.1.15
Check: whether package can be installed
Result: ERROR
Installation failed.
Flavor: r-oldrel-windows-ix86+x86_64