CRAN Package Check Results for Package rmapzen

Last updated on 2021-11-27 19:49:47 CET.

Flavor Version Tinstall Tcheck Ttotal Status Flags
r-devel-linux-x86_64-debian-clang 0.4.3 OK
r-devel-linux-x86_64-debian-gcc 0.4.3 3.94 79.85 83.79 OK
r-devel-linux-x86_64-fedora-clang 0.4.3 152.23 NOTE
r-devel-linux-x86_64-fedora-gcc 0.4.3 141.37 NOTE
r-devel-windows-x86_64-new-UL 0.4.3 15.00 155.00 170.00 OK
r-devel-windows-x86_64-new-TK 0.4.3 NOTE
r-devel-windows-x86_64-old 0.4.3 8.00 148.00 156.00 OK
r-patched-linux-x86_64 0.4.3 4.09 103.30 107.39 OK
r-patched-solaris-x86 0.4.3 136.80 NOTE
r-release-linux-x86_64 0.4.3 OK
r-release-macos-arm64 0.4.3 NOTE
r-release-macos-x86_64 0.4.3 NOTE
r-release-windows-ix86+x86_64 0.4.3 16.00 105.00 121.00 OK
r-oldrel-macos-x86_64 0.4.3 NOTE
r-oldrel-windows-ix86+x86_64 0.4.3 10.00 143.00 153.00 OK

Check Details

Version: 0.4.3
Check: data for non-ASCII characters
Result: NOTE
     Note: found 31 marked UTF-8 strings
Flavors: r-devel-linux-x86_64-fedora-clang, r-devel-linux-x86_64-fedora-gcc, r-devel-windows-x86_64-new-TK, r-patched-solaris-x86, r-release-macos-arm64, r-release-macos-x86_64, r-oldrel-macos-x86_64