CRAN Package Check Results for Package rmcfs

Last updated on 2021-11-29 15:51:24 CET.

Flavor Version Tinstall Tcheck Ttotal Status Flags
r-devel-linux-x86_64-debian-clang 1.3.5 11.20 194.92 206.12 OK
r-devel-linux-x86_64-debian-gcc 1.3.5 8.45 144.59 153.04 OK
r-devel-linux-x86_64-fedora-clang 1.3.5 236.48 OK
r-devel-linux-x86_64-fedora-gcc 1.3.5 237.12 OK
r-devel-windows-x86_64-new-UL 1.3.5 25.00 179.00 204.00 OK
r-devel-windows-x86_64-new-TK 1.3.5 OK
r-devel-windows-x86_64-old 1.3.5 17.00 118.00 135.00 OK
r-patched-linux-x86_64 1.3.5 11.17 200.42 211.59 OK
r-patched-solaris-x86 1.3.5 287.00 NOTE
r-release-linux-x86_64 1.3.5 10.46 185.64 196.10 OK
r-release-macos-arm64 1.3.5 OK
r-release-macos-x86_64 1.3.5 OK
r-release-windows-ix86+x86_64 1.3.5 24.00 114.00 138.00 OK
r-oldrel-macos-x86_64 1.3.5 OK
r-oldrel-windows-ix86+x86_64 1.3.5 15.00 117.00 132.00 OK

Check Details

Version: 1.3.5
Check: installed package size
Result: NOTE
     installed size is 5.4Mb
     sub-directories of 1Mb or more:
     java 4.4Mb
Flavor: r-patched-solaris-x86