CRAN Package Check Results for Package rmdfiltr

Last updated on 2024-06-12 20:59:12 CEST.

Flavor Version Tinstall Tcheck Ttotal Status Flags
r-devel-linux-x86_64-debian-clang 0.1.3 2.18 34.10 36.28 NOTE
r-devel-linux-x86_64-debian-gcc 0.1.3 1.41 22.05 23.46 ERROR
r-devel-linux-x86_64-fedora-clang 0.1.3 46.81 NOTE
r-devel-linux-x86_64-fedora-gcc 0.1.3 57.08 NOTE
r-devel-windows-x86_64 0.1.3 3.00 49.00 52.00 NOTE
r-patched-linux-x86_64 0.1.3 2.16 33.02 35.18 NOTE
r-release-linux-x86_64 0.1.3 1.47 31.95 33.42 NOTE
r-release-macos-arm64 0.1.3 26.00 NOTE
r-release-macos-x86_64 0.1.3 37.00 NOTE
r-release-windows-x86_64 0.1.3 4.00 49.00 53.00 NOTE
r-oldrel-macos-arm64 0.1.3 25.00 NOTE
r-oldrel-macos-x86_64 0.1.3 36.00 NOTE
r-oldrel-windows-x86_64 0.1.3 3.00 50.00 53.00 NOTE

Check Details

Version: 0.1.3
Check: LazyData
Result: NOTE 'LazyData' is specified without a 'data' directory Flavors: r-devel-linux-x86_64-debian-clang, r-devel-linux-x86_64-debian-gcc, r-devel-linux-x86_64-fedora-clang, r-devel-linux-x86_64-fedora-gcc, r-devel-windows-x86_64, r-patched-linux-x86_64, r-release-linux-x86_64, r-release-macos-arm64, r-release-macos-x86_64, r-release-windows-x86_64, r-oldrel-macos-arm64, r-oldrel-macos-x86_64, r-oldrel-windows-x86_64

Version: 0.1.3
Check: package dependencies
Result: NOTE Packages suggested but not available for checking: 'dplyr', 'ggplot2', 'testthat', 'tibble' Flavor: r-devel-linux-x86_64-debian-gcc

Version: 0.1.3
Check: tests
Result: ERROR Running ‘spelling.R’ [0s/0s] Running ‘testthat.R’ [0s/0s] Running the tests in ‘tests/testthat.R’ failed. Complete output: > library(testthat) Error in library(testthat) : there is no package called 'testthat' Execution halted Flavor: r-devel-linux-x86_64-debian-gcc

Version: 0.1.3
Check: re-building of vignette outputs
Result: ERROR Error(s) in re-building vignettes: ... --- re-building ‘replace_ampersands.Rmd’ using rmarkdown --- finished re-building ‘replace_ampersands.Rmd’ --- re-building ‘wordcount.Rmd’ using rmarkdown Quitting from lines 22-25 [setup] (wordcount.Rmd) Error: processing vignette 'wordcount.Rmd' failed with diagnostics: there is no package called 'tibble' --- failed re-building ‘wordcount.Rmd’ SUMMARY: processing the following file failed: ‘wordcount.Rmd’ Error: Vignette re-building failed. Execution halted Flavor: r-devel-linux-x86_64-debian-gcc