CRAN Package Check Results for Package rmdfiltr

Last updated on 2023-10-02 05:06:48 CEST.

Flavor Version Tinstall Tcheck Ttotal Status Flags
r-devel-linux-x86_64-debian-clang 0.1.3 2.05 31.17 33.22 NOTE
r-devel-linux-x86_64-debian-gcc 0.1.3 1.59 24.28 25.87 NOTE
r-devel-linux-x86_64-fedora-clang 0.1.3 42.05 NOTE
r-devel-linux-x86_64-fedora-gcc 0.1.3 52.51 NOTE
r-devel-windows-x86_64 0.1.3 4.00 48.00 52.00 NOTE
r-patched-linux-x86_64 0.1.3 2.16 29.94 32.10 NOTE
r-release-linux-x86_64 0.1.3 2.00 30.48 32.48 NOTE
r-release-macos-arm64 0.1.3 25.00 NOTE
r-release-macos-x86_64 0.1.3 36.00 NOTE
r-release-windows-x86_64 0.1.3 5.00 48.00 53.00 NOTE
r-oldrel-macos-arm64 0.1.3 18.00 NOTE
r-oldrel-macos-x86_64 0.1.3 27.00 NOTE
r-oldrel-windows-x86_64 0.1.3 4.00 51.00 55.00 NOTE

Check Details

Version: 0.1.3
Check: LazyData
Result: NOTE
     'LazyData' is specified without a 'data' directory
Flavors: r-devel-linux-x86_64-debian-clang, r-devel-linux-x86_64-debian-gcc, r-devel-linux-x86_64-fedora-clang, r-devel-linux-x86_64-fedora-gcc, r-devel-windows-x86_64, r-patched-linux-x86_64, r-release-linux-x86_64, r-release-macos-arm64, r-release-macos-x86_64, r-release-windows-x86_64, r-oldrel-macos-arm64, r-oldrel-macos-x86_64, r-oldrel-windows-x86_64