CRAN Package Check Results for Package rmgarch

Last updated on 2021-11-27 19:49:47 CET.

Flavor Version Tinstall Tcheck Ttotal Status Flags
r-devel-linux-x86_64-debian-clang 1.3-7 OK
r-devel-linux-x86_64-debian-gcc 1.3-7 116.82 195.71 312.53 OK
r-devel-linux-x86_64-fedora-clang 1.3-7 549.33 NOTE
r-devel-linux-x86_64-fedora-gcc 1.3-7 519.87 OK
r-devel-windows-x86_64-new-UL 1.3-7 225.00 337.00 562.00 OK
r-devel-windows-x86_64-new-TK 1.3-7 OK
r-devel-windows-x86_64-old 1.3-7 142.00 304.00 446.00 OK
r-patched-linux-x86_64 1.3-7 136.61 259.10 395.71 OK
r-patched-solaris-x86 1.3-7 539.70 OK
r-release-linux-x86_64 1.3-7 OK
r-release-macos-arm64 1.3-7 NOTE
r-release-macos-x86_64 1.3-7 NOTE
r-release-windows-ix86+x86_64 1.3-7 315.00 259.00 574.00 NOTE
r-oldrel-macos-x86_64 1.3-7 NOTE
r-oldrel-windows-ix86+x86_64 1.3-7 224.00 327.00 551.00 NOTE

Check Details

Version: 1.3-7
Check: installed package size
Result: NOTE
     installed size is 8.8Mb
     sub-directories of 1Mb or more:
     R 2.1Mb
     libs 5.7Mb
Flavors: r-devel-linux-x86_64-fedora-clang, r-release-macos-arm64, r-release-macos-x86_64, r-release-windows-ix86+x86_64, r-oldrel-macos-x86_64, r-oldrel-windows-ix86+x86_64