Last updated on 2023-03-25 23:51:53 CET.
Flavor | Version | Tinstall | Tcheck | Ttotal | Status | Flags |
---|---|---|---|---|---|---|
r-devel-linux-x86_64-debian-clang | 0.0.8 | 83.49 | 76.04 | 159.53 | NOTE | |
r-devel-linux-x86_64-debian-gcc | 0.0.8 | 50.58 | 57.93 | 108.51 | NOTE | |
r-devel-linux-x86_64-fedora-clang | 0.0.8 | 213.56 | NOTE | |||
r-devel-linux-x86_64-fedora-gcc | 0.0.8 | 197.18 | NOTE | |||
r-patched-linux-x86_64 | 0.0.8 | 64.12 | 66.19 | 130.31 | OK | |
r-release-linux-x86_64 | 0.0.8 | 55.24 | 66.29 | 121.53 | OK | |
r-release-macos-arm64 | 0.0.8 | 56.00 | NOTE | |||
r-release-macos-x86_64 | 0.0.8 | 73.00 | NOTE | |||
r-release-windows-x86_64 | 0.0.8 | 248.00 | 167.00 | 415.00 | NOTE | |
r-oldrel-macos-arm64 | 0.0.8 | 67.00 | NOTE | |||
r-oldrel-macos-x86_64 | 0.0.8 | 73.00 | NOTE | |||
r-oldrel-windows-ix86+x86_64 | 0.0.8 | 164.00 | 132.00 | 296.00 | NOTE |
Version: 0.0.8
Check: C++ specification
Result: NOTE
Specified C++11: please drop specification unless essential
Flavors: r-devel-linux-x86_64-debian-clang, r-devel-linux-x86_64-debian-gcc, r-devel-linux-x86_64-fedora-clang, r-devel-linux-x86_64-fedora-gcc
Version: 0.0.8
Check: installed package size
Result: NOTE
installed size is 5.9Mb
sub-directories of 1Mb or more:
minizinc 3.4Mb
Flavors: r-devel-linux-x86_64-fedora-clang, r-release-macos-arm64, r-release-macos-x86_64, r-release-windows-x86_64, r-oldrel-macos-arm64, r-oldrel-macos-x86_64, r-oldrel-windows-ix86+x86_64