CRAN Package Check Results for Package rminizinc

Last updated on 2024-03-04 03:52:41 CET.

Flavor Version Tinstall Tcheck Ttotal Status Flags
r-devel-linux-x86_64-debian-clang 0.0.8 70.97 76.64 147.61 NOTE
r-devel-linux-x86_64-debian-gcc 0.0.8 58.25 59.07 117.32 NOTE
r-devel-linux-x86_64-fedora-clang 0.0.8 215.71 NOTE
r-devel-linux-x86_64-fedora-gcc 0.0.8 213.04 NOTE
r-devel-windows-x86_64 0.0.8 93.00 115.00 208.00 NOTE
r-patched-linux-x86_64 0.0.8 64.82 74.65 139.47 NOTE
r-release-linux-x86_64 0.0.8 75.50 74.26 149.76 NOTE
r-release-macos-arm64 0.0.8 70.00 NOTE
r-release-macos-x86_64 0.0.8 116.00 NOTE
r-release-windows-x86_64 0.0.8 118.00 127.00 245.00 NOTE
r-oldrel-macos-arm64 0.0.8 56.00 NOTE
r-oldrel-windows-x86_64 0.0.8 105.00 106.00 211.00 NOTE

Check Details

Version: 0.0.8
Check: C++ specification
Result: NOTE Specified C++11: please drop specification unless essential Flavors: r-devel-linux-x86_64-debian-clang, r-devel-linux-x86_64-debian-gcc, r-devel-linux-x86_64-fedora-clang, r-devel-linux-x86_64-fedora-gcc, r-devel-windows-x86_64, r-patched-linux-x86_64, r-release-linux-x86_64, r-release-macos-arm64, r-release-macos-x86_64, r-release-windows-x86_64

Version: 0.0.8
Check: installed package size
Result: NOTE installed size is 5.9Mb sub-directories of 1Mb or more: minizinc 3.4Mb Flavors: r-devel-linux-x86_64-fedora-clang, r-devel-windows-x86_64, r-release-macos-arm64, r-release-macos-x86_64, r-release-windows-x86_64, r-oldrel-macos-arm64, r-oldrel-windows-x86_64