Last updated on 2023-09-27 09:02:24 CEST.
Flavor | Version | Tinstall | Tcheck | Ttotal | Status | Flags |
---|---|---|---|---|---|---|
r-devel-linux-x86_64-debian-clang | 0.1.0 | 450.95 | 309.10 | 760.05 | NOTE | |
r-devel-linux-x86_64-debian-gcc | 0.1.0 | 377.62 | 246.24 | 623.86 | NOTE | |
r-devel-linux-x86_64-fedora-clang | 1.0-0 | 640.59 | NOTE | |||
r-devel-linux-x86_64-fedora-gcc | 1.0-0 | 929.60 | NOTE | |||
r-devel-windows-x86_64 | 1.0-0 | 301.00 | 252.00 | 553.00 | NOTE | |
r-patched-linux-x86_64 | 0.1.0 | 404.90 | 320.50 | 725.40 | NOTE | |
r-release-linux-x86_64 | 0.1.0 | 371.37 | 320.54 | 691.91 | NOTE | |
r-release-macos-arm64 | 1.0-0 | 268.00 | NOTE | |||
r-release-macos-x86_64 | 1.0-0 | 517.00 | NOTE | |||
r-release-windows-x86_64 | 0.1.0 | 462.00 | 330.00 | 792.00 | NOTE | |
r-oldrel-macos-arm64 | 1.0-0 | 314.00 | NOTE | |||
r-oldrel-macos-x86_64 | 0.1.0 | 324.00 | NOTE | |||
r-oldrel-windows-x86_64 | 1.0-0 | 289.00 | 265.00 | 554.00 | NOTE |
Version: 0.1.0
Check: for GNU extensions in Makefiles
Result: NOTE
GNU make is a SystemRequirements.
Flavors: r-devel-linux-x86_64-debian-clang, r-devel-linux-x86_64-debian-gcc, r-patched-linux-x86_64, r-release-linux-x86_64, r-release-windows-x86_64, r-oldrel-macos-x86_64
Version: 1.0-0
Check: package dependencies
Result: NOTE
Package suggested but not available for checking: ‘cmdstanr’
Flavors: r-devel-linux-x86_64-fedora-clang, r-devel-linux-x86_64-fedora-gcc, r-devel-windows-x86_64, r-release-macos-arm64, r-release-macos-x86_64, r-oldrel-macos-arm64, r-oldrel-windows-x86_64
Version: 1.0-0
Check: Rd cross-references
Result: NOTE
Undeclared package ‘coda’ in Rd xrefs
Package unavailable to check Rd xrefs: ‘cmdstanr’
Flavor: r-devel-linux-x86_64-fedora-clang
Version: 1.0-0
Check: for GNU extensions in Makefiles
Result: NOTE
GNU make is a SystemRequirements.
Flavors: r-devel-linux-x86_64-fedora-clang, r-devel-linux-x86_64-fedora-gcc, r-devel-windows-x86_64, r-release-macos-arm64, r-release-macos-x86_64, r-oldrel-macos-arm64, r-oldrel-windows-x86_64
Version: 1.0-0
Check: Rd cross-references
Result: NOTE
Package unavailable to check Rd xrefs: ‘cmdstanr’
Flavors: r-devel-linux-x86_64-fedora-gcc, r-devel-windows-x86_64, r-release-macos-arm64, r-release-macos-x86_64, r-oldrel-macos-arm64, r-oldrel-windows-x86_64
Version: 1.0-0
Check: installed package size
Result: NOTE
installed size is 61.8Mb
sub-directories of 1Mb or more:
libs 61.2Mb
Flavors: r-release-macos-arm64, r-release-macos-x86_64, r-oldrel-macos-arm64
Version: 0.1.0
Check: installed package size
Result: NOTE
installed size is 52.0Mb
sub-directories of 1Mb or more:
libs 51.5Mb
Flavor: r-oldrel-macos-x86_64
Version: 0.1.0
Check: dependencies in R code
Result: NOTE
Namespaces in Imports field not imported from:
‘RcppParallel’ ‘rstantools’
All declared Imports should be used.
Flavor: r-oldrel-macos-x86_64