CRAN Package Check Results for Package rmumps

Last updated on 2021-11-29 07:51:21 CET.

Flavor Version Tinstall Tcheck Ttotal Status Flags
r-devel-linux-x86_64-debian-clang 5.2.1-14 NOTE
r-devel-linux-x86_64-debian-gcc 5.2.1-14 196.38 49.70 246.08 NOTE
r-devel-linux-x86_64-fedora-clang 5.2.1-14 447.87 NOTE
r-devel-linux-x86_64-fedora-gcc 5.2.1-14 425.66 NOTE
r-devel-windows-x86_64-new-UL 5.2.1-14 519.00 155.00 674.00 NOTE
r-devel-windows-x86_64-new-TK 5.2.1-14 NOTE
r-devel-windows-x86_64-old 5.2.1-14 254.00 102.00 356.00 NOTE
r-patched-linux-x86_64 5.2.1-14 216.86 63.18 280.04 NOTE
r-patched-solaris-x86 5.2.1-14 479.00 NOTE
r-release-linux-x86_64 5.2.1-14 217.12 61.72 278.84 NOTE
r-release-macos-arm64 5.2.1-14 NOTE
r-release-macos-x86_64 5.2.1-14 NOTE
r-release-windows-ix86+x86_64 5.2.1-14 648.00 105.00 753.00 NOTE
r-oldrel-macos-x86_64 5.2.1-14 NOTE
r-oldrel-windows-ix86+x86_64 5.2.1-14 468.00 138.00 606.00 NOTE

Check Details

Version: 5.2.1-14
Check: for GNU extensions in Makefiles
Result: NOTE
    GNU make is a SystemRequirements.
Flavors: r-devel-linux-x86_64-debian-clang, r-devel-linux-x86_64-debian-gcc, r-devel-linux-x86_64-fedora-clang, r-devel-linux-x86_64-fedora-gcc, r-devel-windows-x86_64-new-UL, r-devel-windows-x86_64-new-TK, r-devel-windows-x86_64-old, r-patched-linux-x86_64, r-patched-solaris-x86, r-release-linux-x86_64, r-release-macos-arm64, r-release-macos-x86_64, r-release-windows-ix86+x86_64, r-oldrel-macos-x86_64, r-oldrel-windows-ix86+x86_64

Version: 5.2.1-14
Check: installed package size
Result: NOTE
     installed size is 12.8Mb
     sub-directories of 1Mb or more:
     libs 12.4Mb
Flavors: r-devel-linux-x86_64-fedora-clang, r-release-macos-arm64, r-release-macos-x86_64, r-release-windows-ix86+x86_64, r-oldrel-macos-x86_64, r-oldrel-windows-ix86+x86_64

Version: 5.2.1-14
Check: line endings in C/C++/Fortran sources/headers
Result: NOTE
    Found the following sources/headers with CR or CRLF line endings:
     src/lib/scotch_6.0.9/include/scotch.h
     src/lib/scotch_6.0.9/include/scotchf.h
     src/lib/scotch_6.0.9/src/libscotch/scotch.h
     src/lib/scotch_6.0.9/src/libscotch/scotchf.h
    Some Unix compilers require LF line endings.
Flavor: r-devel-windows-x86_64-new-TK