CRAN Package Check Results for Package rnassqs

Last updated on 2021-12-01 15:52:08 CET.

Flavor Version Tinstall Tcheck Ttotal Status Flags
r-devel-linux-x86_64-debian-clang 0.5.0 2.27 26.37 28.64 NOTE
r-devel-linux-x86_64-debian-gcc 0.5.0 1.72 21.19 22.91 NOTE
r-devel-linux-x86_64-fedora-clang 0.5.0 47.61 NOTE
r-devel-linux-x86_64-fedora-gcc 0.5.0 35.73 NOTE
r-devel-windows-x86_64-new-UL 0.5.0 8.00 66.00 74.00 NOTE
r-devel-windows-x86_64-new-TK 0.5.0 NOTE
r-devel-windows-x86_64-old 0.5.0 5.00 40.00 45.00 NOTE
r-patched-linux-x86_64 0.5.0 2.31 25.29 27.60 NOTE
r-patched-solaris-x86 0.5.0 53.50 NOTE
r-release-linux-x86_64 0.5.0 2.22 25.16 27.38 NOTE
r-release-macos-arm64 0.5.0 NOTE
r-release-macos-x86_64 0.5.0 NOTE
r-release-windows-ix86+x86_64 0.5.0 6.00 34.00 40.00 NOTE
r-oldrel-macos-x86_64 0.5.0 OK
r-oldrel-windows-ix86+x86_64 0.5.0 4.00 35.00 39.00 OK

Check Details

Version: 0.5.0
Check: LazyData
Result: NOTE
     'LazyData' is specified without a 'data' directory
Flavors: r-devel-linux-x86_64-debian-clang, r-devel-linux-x86_64-debian-gcc, r-devel-linux-x86_64-fedora-clang, r-devel-linux-x86_64-fedora-gcc, r-devel-windows-x86_64-new-UL, r-devel-windows-x86_64-new-TK, r-devel-windows-x86_64-old, r-patched-linux-x86_64, r-patched-solaris-x86, r-release-linux-x86_64, r-release-macos-arm64, r-release-macos-x86_64, r-release-windows-ix86+x86_64