CRAN Package Check Results for Package rnn

Last updated on 2023-11-29 04:01:11 CET.

Flavor Version Tinstall Tcheck Ttotal Status Flags
r-devel-linux-x86_64-debian-clang 1.9.0 3.08 245.43 248.51 OK
r-devel-linux-x86_64-debian-gcc 1.9.0 3.20 169.73 172.93 OK
r-devel-linux-x86_64-fedora-clang 1.9.0 298.14 NOTE
r-devel-linux-x86_64-fedora-gcc 1.9.0 305.17 NOTE
r-devel-windows-x86_64 1.9.0 4.00 174.00 178.00 OK
r-patched-linux-x86_64 1.9.0 4.73 229.82 234.55 OK
r-release-linux-x86_64 1.9.0 3.19 228.78 231.97 OK
r-release-macos-arm64 1.9.0 90.00 OK
r-release-macos-x86_64 1.9.0 253.00 OK
r-release-windows-x86_64 1.9.0 5.00 219.00 224.00 OK
r-oldrel-macos-arm64 1.9.0 74.00 OK
r-oldrel-macos-x86_64 1.9.0 92.00 OK
r-oldrel-windows-x86_64 1.9.0 5.00 223.00 228.00 OK

Check Details

Version: 1.9.0
Check: dependencies in R code
Result: NOTE Namespace in Imports field not imported from: ‘attention’ All declared Imports should be used. Flavors: r-devel-linux-x86_64-fedora-clang, r-devel-linux-x86_64-fedora-gcc