Last updated on 2023-12-05 07:48:44 CET.
Flavor | Version | Tinstall | Tcheck | Ttotal | Status | Flags |
---|---|---|---|---|---|---|
r-devel-linux-x86_64-debian-clang | 0.2.2 | 8.11 | 196.46 | 204.57 | OK | |
r-devel-linux-x86_64-debian-gcc | 0.2.2 | 6.22 | 146.23 | 152.45 | OK | |
r-devel-linux-x86_64-fedora-clang | 0.2.2 | 246.05 | OK | |||
r-devel-linux-x86_64-fedora-gcc | 0.2.2 | 251.41 | OK | |||
r-devel-windows-x86_64 | 0.2.2 | 9.00 | 175.00 | 184.00 | OK | |
r-patched-linux-x86_64 | 0.2.2 | 17.50 | 185.73 | 203.23 | OK | |
r-release-linux-x86_64 | 0.2.2 | 5.67 | 183.29 | 188.96 | OK | |
r-release-macos-arm64 | 0.2.2 | 84.00 | OK | |||
r-release-macos-x86_64 | 0.2.2 | 126.00 | NOTE | |||
r-release-windows-x86_64 | 0.2.2 | 10.00 | 223.00 | 233.00 | OK | |
r-oldrel-macos-arm64 | 0.2.2 | 62.00 | OK | |||
r-oldrel-macos-x86_64 | 0.2.2 | 92.00 | OK | |||
r-oldrel-windows-x86_64 | 0.2.2 | 11.00 | 218.00 | 229.00 | OK |
Version: 0.2.2
Check: package dependencies
Result: NOTE
Package suggested but not available for checking: ‘ivgets’
Flavor: r-release-macos-x86_64
Version: 0.2.2
Check: Rd cross-references
Result: NOTE
Package unavailable to check Rd xrefs: ‘ivgets’
Flavor: r-release-macos-x86_64