CRAN Package Check Results for Package robustlm

Last updated on 2023-09-25 01:03:46 CEST.

Flavor Version Tinstall Tcheck Ttotal Status Flags
r-devel-linux-x86_64-debian-clang 0.1.0 2.30 35.46 37.76 NOTE
r-devel-linux-x86_64-debian-gcc 0.1.0 2.17 27.29 29.46 NOTE
r-devel-linux-x86_64-fedora-clang 0.1.0 49.48 NOTE
r-devel-linux-x86_64-fedora-gcc 0.1.0 58.49 NOTE
r-devel-windows-x86_64 0.1.0 4.00 49.00 53.00 NOTE
r-patched-linux-x86_64 0.1.0 2.63 33.14 35.77 NOTE
r-release-linux-x86_64 0.1.0 2.19 33.04 35.23 NOTE
r-release-macos-arm64 0.1.0 26.00 NOTE
r-release-macos-x86_64 0.1.0 33.00 NOTE
r-release-windows-x86_64 0.1.0 5.00 49.00 54.00 NOTE
r-oldrel-macos-arm64 0.1.0 18.00 NOTE
r-oldrel-macos-x86_64 0.1.0 25.00 NOTE
r-oldrel-windows-x86_64 0.1.0 6.00 51.00 57.00 NOTE

Check Details

Version: 0.1.0
Check: LazyData
Result: NOTE
     'LazyData' is specified without a 'data' directory
Flavors: r-devel-linux-x86_64-debian-clang, r-devel-linux-x86_64-debian-gcc, r-devel-linux-x86_64-fedora-clang, r-devel-linux-x86_64-fedora-gcc, r-devel-windows-x86_64, r-patched-linux-x86_64, r-release-linux-x86_64, r-release-macos-arm64, r-release-macos-x86_64, r-release-windows-x86_64, r-oldrel-macos-arm64, r-oldrel-macos-x86_64, r-oldrel-windows-x86_64