Last updated on 2023-06-10 04:55:57 CEST.
Flavor | Version | Tinstall | Tcheck | Ttotal | Status | Flags |
---|---|---|---|---|---|---|
r-devel-linux-x86_64-debian-clang | 3.2-0 | 68.88 | 384.34 | 453.22 | OK | |
r-devel-linux-x86_64-debian-gcc | 3.2-0 | 57.04 | 294.36 | 351.40 | OK | |
r-devel-linux-x86_64-fedora-clang | 3.2-0 | 604.81 | OK | |||
r-devel-linux-x86_64-fedora-gcc | 3.2-0 | 591.07 | OK | |||
r-devel-windows-x86_64 | 3.2-0 | 62.00 | 335.00 | 397.00 | NOTE | |
r-patched-linux-x86_64 | 3.2-0 | 76.33 | 372.19 | 448.52 | OK | |
r-release-linux-x86_64 | 3.2-0 | 68.17 | 366.48 | 434.65 | OK | |
r-release-macos-arm64 | 3.2-0 | 204.00 | NOTE | |||
r-release-macos-x86_64 | 3.2-0 | 313.00 | NOTE | |||
r-release-windows-x86_64 | 3.2-0 | 80.00 | 418.00 | 498.00 | NOTE | |
r-oldrel-macos-arm64 | 3.2-0 | 190.00 | NOTE | |||
r-oldrel-macos-x86_64 | 3.2-0 | 231.00 | NOTE | |||
r-oldrel-windows-x86_64 | 3.2-0 | 77.00 | 423.00 | 500.00 | NOTE |
Version: 3.2-0
Check: installed package size
Result: NOTE
installed size is 5.4Mb
sub-directories of 1Mb or more:
doc 1.7Mb
libs 1.3Mb
simulationStudy 1.6Mb
Flavors: r-devel-windows-x86_64, r-release-macos-arm64, r-release-macos-x86_64, r-release-windows-x86_64, r-oldrel-macos-arm64, r-oldrel-macos-x86_64, r-oldrel-windows-x86_64
Version: 3.2-0
Check: package dependencies
Result: NOTE
Package suggested but not available for checking: ‘robustvarComp’
Flavor: r-release-macos-x86_64