Last updated on 2023-03-28 09:53:57 CEST.
Flavor | Version | Tinstall | Tcheck | Ttotal | Status | Flags |
---|---|---|---|---|---|---|
r-devel-linux-x86_64-debian-clang | 0.9.11 | 25.69 | 62.52 | 88.21 | NOTE | |
r-devel-linux-x86_64-debian-gcc | 0.9.11 | 23.38 | 48.30 | 71.68 | NOTE | |
r-devel-linux-x86_64-fedora-clang | 0.9.11 | 120.78 | NOTE | |||
r-devel-linux-x86_64-fedora-gcc | 0.9.11 | 126.56 | NOTE | |||
r-patched-linux-x86_64 | 0.9.11 | 24.15 | 60.13 | 84.28 | NOTE | |
r-release-linux-x86_64 | 0.9.11 | 26.87 | 61.12 | 87.99 | NOTE | |
r-release-macos-arm64 | 0.9.11 | 49.00 | NOTE | |||
r-release-macos-x86_64 | 0.9.11 | 51.00 | NOTE | |||
r-release-windows-x86_64 | 0.9.11 | 43.00 | 116.00 | 159.00 | NOTE |
Version: 0.9.11
Check: for GNU extensions in Makefiles
Result: NOTE
GNU make is a SystemRequirements.
Flavors: r-devel-linux-x86_64-debian-clang, r-devel-linux-x86_64-debian-gcc, r-devel-linux-x86_64-fedora-clang, r-devel-linux-x86_64-fedora-gcc, r-patched-linux-x86_64, r-release-linux-x86_64, r-release-macos-arm64, r-release-macos-x86_64, r-release-windows-x86_64