CRAN Package Check Results for Package rosetta

Last updated on 2021-10-22 00:50:39 CEST.

Flavor Version Tinstall Tcheck Ttotal Status Flags
r-devel-linux-x86_64-debian-clang 0.3.6 14.75 105.14 119.89 OK
r-devel-linux-x86_64-debian-gcc 0.3.6 11.54 77.59 89.13 OK
r-devel-linux-x86_64-fedora-clang 0.3.6 160.03 NOTE
r-devel-linux-x86_64-fedora-gcc 0.3.6 151.02 NOTE
r-devel-windows-x86_64 0.3.6 24.00 111.00 135.00 OK
r-devel-windows-x86_64-gcc10-UCRT 0.3.6 NOTE
r-patched-linux-x86_64 0.3.6 21.87 100.63 122.50 OK
r-patched-solaris-x86 0.3.6 186.30 NOTE
r-release-linux-x86_64 0.3.6 15.22 99.57 114.79 OK
r-release-macos-arm64 0.3.6 NOTE
r-release-macos-x86_64 0.3.6 NOTE
r-release-windows-ix86+x86_64 0.3.6 30.00 130.00 160.00 OK
r-oldrel-macos-x86_64 0.3.6 NOTE
r-oldrel-windows-ix86+x86_64 0.3.6 33.00 134.00 167.00 OK

Check Details

Version: 0.3.6
Check: dependencies in R code
Result: NOTE
    Namespaces in Imports field not imported from:
     ‘diptest’ ‘methods’ ‘viridis’
     All declared Imports should be used.
Flavors: r-devel-linux-x86_64-fedora-clang, r-devel-linux-x86_64-fedora-gcc, r-devel-windows-x86_64-gcc10-UCRT, r-patched-solaris-x86, r-release-macos-arm64, r-release-macos-x86_64, r-oldrel-macos-x86_64