CRAN Package Check Results for Package rosm

Last updated on 2024-02-21 15:50:57 CET.

Flavor Version Tinstall Tcheck Ttotal Status Flags
r-devel-linux-x86_64-debian-clang 0.3.0 NOTE
r-devel-linux-x86_64-debian-gcc 0.3.0 3.06 37.13 40.19 NOTE
r-devel-linux-x86_64-fedora-clang 0.3.0 63.66 OK
r-devel-linux-x86_64-fedora-gcc 0.3.0 63.39 OK
r-devel-windows-x86_64 0.3.0 5.00 56.00 61.00 OK
r-patched-linux-x86_64 0.3.0 3.97 48.62 52.59 OK
r-release-linux-x86_64 0.3.0 4.23 48.12 52.35 OK
r-release-macos-arm64 0.3.0 26.00 OK
r-release-macos-x86_64 0.3.0 53.00 OK
r-release-windows-x86_64 0.3.0 6.00 63.00 69.00 OK
r-oldrel-macos-arm64 0.3.0 27.00 OK
r-oldrel-windows-x86_64 0.3.0 6.00 65.00 71.00 OK

Check Details

Version: 0.3.0
Check: Rd files
Result: NOTE checkRd: (-1) osm_url_spec.Rd:23: Lost braces; missing escapes or markup? 23 | \item{server_url}{A url using `{x}`, `{y}`, and `{z}` for the x, y, and | ^ checkRd: (-1) osm_url_spec.Rd:23: Lost braces; missing escapes or markup? 23 | \item{server_url}{A url using `{x}`, `{y}`, and `{z}` for the x, y, and | ^ checkRd: (-1) osm_url_spec.Rd:23: Lost braces; missing escapes or markup? 23 | \item{server_url}{A url using `{x}`, `{y}`, and `{z}` for the x, y, and | ^ Flavors: r-devel-linux-x86_64-debian-clang, r-devel-linux-x86_64-debian-gcc