CRAN Package Check Results for Package rpms

Last updated on 2021-09-21 04:55:33 CEST.

Flavor Version Tinstall Tcheck Ttotal Status Flags
r-devel-linux-x86_64-debian-clang 0.5.1 88.16 55.53 143.69 OK
r-devel-linux-x86_64-debian-gcc 0.5.1 61.45 43.18 104.63 OK
r-devel-linux-x86_64-fedora-clang 0.5.1 200.47 NOTE
r-devel-linux-x86_64-fedora-gcc 0.5.1 183.44 OK
r-devel-windows-x86_64 0.5.1 74.00 70.00 144.00 NOTE
r-devel-windows-x86_64-gcc10-UCRT 0.5.1 ERROR
r-patched-linux-x86_64 0.5.1 73.94 54.12 128.06 OK
r-patched-solaris-x86 0.5.1 183.30 OK
r-release-linux-x86_64 0.5.1 72.08 54.52 126.60 OK
r-release-macos-arm64 0.5.1 NOTE
r-release-macos-x86_64 0.5.1 NOTE
r-release-windows-ix86+x86_64 0.5.1 198.00 100.00 298.00 NOTE
r-oldrel-macos-x86_64 0.5.1 NOTE
r-oldrel-windows-ix86+x86_64 0.5.1 194.00 104.00 298.00 NOTE

Check Details

Version: 0.5.1
Check: installed package size
Result: NOTE
     installed size is 9.2Mb
     sub-directories of 1Mb or more:
     data 2.4Mb
     libs 5.2Mb
Flavors: r-devel-linux-x86_64-fedora-clang, r-devel-windows-x86_64, r-release-macos-arm64, r-release-macos-x86_64, r-release-windows-ix86+x86_64, r-oldrel-macos-x86_64, r-oldrel-windows-ix86+x86_64

Version: 0.5.1
Check: whether package can be installed
Result: ERROR
    Installation failed.
Flavor: r-devel-windows-x86_64-gcc10-UCRT