Last updated on 2023-03-23 07:54:39 CET.
Flavor | Version | Tinstall | Tcheck | Ttotal | Status | Flags |
---|---|---|---|---|---|---|
r-devel-linux-x86_64-debian-clang | 0.8 | 41.43 | 88.41 | 129.84 | NOTE | |
r-devel-linux-x86_64-debian-gcc | 0.8 | 29.62 | 68.14 | 97.76 | NOTE | |
r-devel-linux-x86_64-fedora-clang | 0.8 | 174.70 | NOTE | |||
r-devel-linux-x86_64-fedora-gcc | 0.8 | 155.49 | NOTE | |||
r-patched-linux-x86_64 | 0.8 | 31.40 | 83.78 | 115.18 | OK | |
r-release-linux-x86_64 | 0.8 | 31.43 | 83.35 | 114.78 | OK | |
r-release-macos-arm64 | 0.8 | 45.00 | OK | |||
r-release-macos-x86_64 | 0.8 | 74.00 | OK | |||
r-release-windows-x86_64 | 0.8 | 39.00 | 179.00 | 218.00 | OK | |
r-oldrel-macos-arm64 | 0.8 | 55.00 | OK | |||
r-oldrel-macos-x86_64 | 0.8 | 73.00 | OK | |||
r-oldrel-windows-ix86+x86_64 | 0.8 | 96.00 | 146.00 | 242.00 | OK |
Version: 0.8
Check: C++ specification
Result: NOTE
Specified C++11: please drop specification unless essential
Flavors: r-devel-linux-x86_64-debian-clang, r-devel-linux-x86_64-debian-gcc, r-devel-linux-x86_64-fedora-clang, r-devel-linux-x86_64-fedora-gcc