Last updated on 2023-05-28 16:57:59 CEST.
Flavor | Version | Tinstall | Tcheck | Ttotal | Status | Flags |
---|---|---|---|---|---|---|
r-devel-linux-x86_64-debian-clang | 0.9.22 | 4.76 | 171.38 | 176.14 | OK | |
r-devel-linux-x86_64-debian-gcc | 0.9.22 | 4.04 | 131.20 | 135.24 | OK | |
r-devel-linux-x86_64-fedora-clang | 0.9.22 | 212.82 | NOTE | |||
r-devel-linux-x86_64-fedora-gcc | 0.9.22 | 224.58 | NOTE | |||
r-devel-windows-x86_64 | 0.9.22 | 5.00 | 168.00 | 173.00 | OK | |
r-patched-linux-x86_64 | 0.9.22 | 12.52 | 172.14 | 184.66 | OK | |
r-release-linux-x86_64 | 0.9.22 | 5.21 | 172.73 | 177.94 | OK | |
r-release-macos-arm64 | 0.9.22 | 80.00 | OK | |||
r-release-macos-x86_64 | 0.9.22 | 115.00 | OK | |||
r-release-windows-x86_64 | 0.9.22 | 7.00 | 194.00 | 201.00 | OK | |
r-oldrel-macos-arm64 | 0.9.22 | 61.00 | NOTE | |||
r-oldrel-macos-x86_64 | 0.9.22 | 96.00 | NOTE | |||
r-oldrel-windows-x86_64 | 0.9.22 | 7.00 | 196.00 | 203.00 | OK |
Version: 0.9.22
Check: dependencies in R code
Result: NOTE
Namespace in Imports field not imported from: ‘methods’
All declared Imports should be used.
Flavors: r-devel-linux-x86_64-fedora-clang, r-devel-linux-x86_64-fedora-gcc, r-oldrel-macos-arm64, r-oldrel-macos-x86_64