Last updated on 2023-06-05 01:52:16 CEST.
Flavor | Version | Tinstall | Tcheck | Ttotal | Status | Flags |
---|---|---|---|---|---|---|
r-devel-linux-x86_64-debian-clang | 0.2 | 5.85 | 35.35 | 41.20 | OK | |
r-devel-linux-x86_64-debian-gcc | 0.2 | 3.46 | 27.05 | 30.51 | OK | |
r-devel-linux-x86_64-fedora-clang | 0.2 | 54.81 | OK | |||
r-devel-linux-x86_64-fedora-gcc | 0.2 | 60.05 | OK | |||
r-devel-windows-x86_64 | 0.2 | 8.00 | 57.00 | 65.00 | OK | |
r-patched-linux-x86_64 | 0.2 | 4.23 | 33.47 | 37.70 | OK | |
r-release-linux-x86_64 | 0.2 | 4.67 | 33.98 | 38.65 | OK | |
r-release-macos-arm64 | 0.2 | 27.00 | OK | |||
r-release-macos-x86_64 | 0.2 | 40.00 | NOTE | |||
r-release-windows-x86_64 | 0.2 | 10.00 | 60.00 | 70.00 | OK | |
r-oldrel-macos-arm64 | 0.2 | 23.00 | OK | |||
r-oldrel-macos-x86_64 | 0.2 | 29.00 | OK | |||
r-oldrel-windows-x86_64 | 0.2 | 9.00 | 60.00 | 69.00 | OK |
Version: 0.2
Check: package dependencies
Result: NOTE
Package suggested but not available for checking: ‘robustbase’
Flavor: r-release-macos-x86_64
Version: 0.2
Check: Rd cross-references
Result: NOTE
Package unavailable to check Rd xrefs: ‘robustbase’
Flavor: r-release-macos-x86_64