CRAN Package Check Results for Package rsparse

Last updated on 2022-01-21 23:48:59 CET.

Flavor Version Tinstall Tcheck Ttotal Status Flags
r-devel-linux-x86_64-debian-clang 0.5.0 212.35 157.92 370.27 OK
r-devel-linux-x86_64-debian-gcc 0.5.0 160.28 116.16 276.44 OK
r-devel-linux-x86_64-fedora-clang 0.5.0 514.65 NOTE
r-devel-linux-x86_64-fedora-gcc 0.5.0 464.58 NOTE
r-devel-windows-x86_64-new-UL 0.5.0 179.00 193.00 372.00 OK
r-devel-windows-x86_64-new-TK 0.5.0 NOTE
r-patched-linux-x86_64 0.5.0 184.05 155.31 339.36 OK
r-release-linux-x86_64 0.5.0 187.72 154.06 341.78 OK
r-release-macos-arm64 0.5.0 NOTE
r-release-macos-x86_64 0.5.0 NOTE
r-release-windows-ix86+x86_64 0.5.0 485.00 284.00 769.00 NOTE
r-oldrel-macos-x86_64 0.5.0 NOTE
r-oldrel-windows-ix86+x86_64 0.5.0 490.00 292.00 782.00 NOTE

Check Details

Version: 0.5.0
Check: installed package size
Result: NOTE
     installed size is 9.3Mb
     sub-directories of 1Mb or more:
     libs 8.5Mb
Flavors: r-devel-linux-x86_64-fedora-clang, r-release-macos-arm64, r-release-macos-x86_64, r-release-windows-ix86+x86_64, r-oldrel-macos-x86_64, r-oldrel-windows-ix86+x86_64

Version: 0.5.0
Check: dependencies in R code
Result: NOTE
    Namespace in Imports field not imported from: ‘MatrixExtra’
     All declared Imports should be used.
Flavors: r-devel-linux-x86_64-fedora-clang, r-devel-linux-x86_64-fedora-gcc, r-devel-windows-x86_64-new-TK, r-release-macos-arm64, r-release-macos-x86_64, r-oldrel-macos-x86_64