CRAN Package Check Results for Package rstack

Last updated on 2022-11-30 03:58:34 CET.

Flavor Version Tinstall Tcheck Ttotal Status Flags
r-devel-linux-x86_64-debian-clang 1.0.0 2.42 23.24 25.66 NOTE
r-devel-linux-x86_64-debian-gcc 1.0.0 2.02 18.65 20.67 NOTE
r-devel-linux-x86_64-fedora-clang 1.0.0 43.20 NOTE
r-devel-linux-x86_64-fedora-gcc 1.0.0 41.97 NOTE
r-devel-windows-x86_64 1.0.0 10.00 56.00 66.00 NOTE
r-patched-linux-x86_64 1.0.0 2.75 22.62 25.37 NOTE
r-release-linux-x86_64 1.0.0 2.29 22.66 24.95 NOTE
r-release-macos-arm64 1.0.0 18.00 NOTE
r-release-macos-x86_64 1.0.0 21.00 NOTE
r-release-windows-x86_64 1.0.0 8.00 60.00 68.00 NOTE
r-oldrel-macos-arm64 1.0.0 16.00 NOTE
r-oldrel-macos-x86_64 1.0.0 27.00 NOTE
r-oldrel-windows-ix86+x86_64 1.0.0 5.00 46.00 51.00 NOTE

Check Details

Version: 1.0.0
Check: LazyData
Result: NOTE
     'LazyData' is specified without a 'data' directory
Flavors: r-devel-linux-x86_64-debian-clang, r-devel-linux-x86_64-debian-gcc, r-devel-linux-x86_64-fedora-clang, r-devel-linux-x86_64-fedora-gcc, r-devel-windows-x86_64, r-patched-linux-x86_64, r-release-linux-x86_64, r-release-macos-arm64, r-release-macos-x86_64, r-release-windows-x86_64, r-oldrel-macos-arm64, r-oldrel-macos-x86_64, r-oldrel-windows-ix86+x86_64