CRAN Package Check Results for Package rstantools

Last updated on 2021-11-30 03:57:07 CET.

Flavor Version Tinstall Tcheck Ttotal Status Flags
r-devel-linux-x86_64-debian-clang 2.1.1 2.60 38.81 41.41 NOTE
r-devel-linux-x86_64-debian-gcc 2.1.1 2.02 29.96 31.98 NOTE
r-devel-linux-x86_64-fedora-clang 2.1.1 60.93 NOTE
r-devel-linux-x86_64-fedora-gcc 2.1.1 49.79 NOTE
r-devel-windows-x86_64-new-UL 2.1.1 12.00 96.00 108.00 NOTE
r-devel-windows-x86_64-new-TK 2.1.1 NOTE
r-devel-windows-x86_64-old 2.1.1 8.00 48.00 56.00 NOTE
r-patched-linux-x86_64 2.1.1 5.35 38.40 43.75 NOTE
r-patched-solaris-x86 2.1.1 74.70 NOTE
r-release-linux-x86_64 2.1.1 2.51 37.06 39.57 NOTE
r-release-macos-arm64 2.1.1 NOTE
r-release-macos-x86_64 2.1.1 NOTE
r-release-windows-ix86+x86_64 2.1.1 6.00 48.00 54.00 NOTE
r-oldrel-macos-x86_64 2.1.1 NOTE
r-oldrel-windows-ix86+x86_64 2.1.1 4.00 48.00 52.00 OK

Check Details

Version: 2.1.1
Check: LazyData
Result: NOTE
     'LazyData' is specified without a 'data' directory
Flavors: r-devel-linux-x86_64-debian-clang, r-devel-linux-x86_64-debian-gcc, r-devel-linux-x86_64-fedora-clang, r-devel-linux-x86_64-fedora-gcc, r-devel-windows-x86_64-new-UL, r-devel-windows-x86_64-new-TK, r-devel-windows-x86_64-old, r-patched-linux-x86_64, r-patched-solaris-x86, r-release-linux-x86_64, r-release-macos-arm64, r-release-macos-x86_64, r-release-windows-ix86+x86_64

Version: 2.1.1
Check: dependencies in R code
Result: NOTE
    Namespace in Imports field not imported from: ‘RcppParallel’
     All declared Imports should be used.
Flavors: r-devel-linux-x86_64-fedora-clang, r-devel-linux-x86_64-fedora-gcc, r-devel-windows-x86_64-new-TK, r-patched-solaris-x86, r-release-macos-arm64, r-release-macos-x86_64, r-oldrel-macos-x86_64