Last updated on 2023-05-31 13:00:54 CEST.
Flavor | Version | Tinstall | Tcheck | Ttotal | Status | Flags |
---|---|---|---|---|---|---|
r-devel-linux-x86_64-debian-clang | 0.7.2 | 12.96 | 157.24 | 170.20 | OK | |
r-devel-linux-x86_64-debian-gcc | 0.7.2 | 10.18 | 119.31 | 129.49 | OK | |
r-devel-linux-x86_64-fedora-clang | 0.7.2 | 225.76 | OK | |||
r-devel-linux-x86_64-fedora-gcc | 0.7.2 | 198.78 | OK | |||
r-devel-windows-x86_64 | 0.7.2 | 14.00 | 144.00 | 158.00 | OK | |
r-patched-linux-x86_64 | 0.7.2 | 15.61 | 147.22 | 162.83 | OK | |
r-release-linux-x86_64 | 0.7.2 | 9.76 | 147.85 | 157.61 | OK | |
r-release-macos-arm64 | 0.7.2 | 63.00 | OK | |||
r-release-macos-x86_64 | 0.7.2 | 98.00 | NOTE | |||
r-release-windows-x86_64 | 0.7.2 | 17.00 | 177.00 | 194.00 | OK | |
r-oldrel-macos-arm64 | 0.7.2 | 65.00 | OK | |||
r-oldrel-macos-x86_64 | 0.7.2 | 77.00 | OK | |||
r-oldrel-windows-x86_64 | 0.7.2 | 17.00 | 170.00 | 187.00 | OK |
Version: 0.7.2
Check: package dependencies
Result: NOTE
Package suggested but not available for checking: ‘ggpubr’
Flavor: r-release-macos-x86_64