Last updated on 2023-03-28 09:53:58 CEST.
Flavor | Version | Tinstall | Tcheck | Ttotal | Status | Flags |
---|---|---|---|---|---|---|
r-devel-linux-x86_64-debian-clang | 1.0.0 | 35.07 | 35.08 | 70.15 | NOTE | |
r-devel-linux-x86_64-debian-gcc | 1.0.0 | 28.50 | 27.22 | 55.72 | NOTE | |
r-devel-linux-x86_64-fedora-clang | 1.0.0 | 101.92 | NOTE | |||
r-devel-linux-x86_64-fedora-gcc | 1.0.0 | 106.32 | NOTE | |||
r-patched-linux-x86_64 | 1.0.0 | 28.97 | 33.55 | 62.52 | NOTE | |
r-release-linux-x86_64 | 1.0.0 | 25.73 | 35.09 | 60.82 | OK | |
r-release-macos-arm64 | 1.0.0 | 31.00 | OK | |||
r-release-macos-x86_64 | 1.0.0 | 40.00 | OK | |||
r-release-windows-x86_64 | 1.0.0 | 90.00 | 88.00 | 178.00 | OK | |
r-oldrel-macos-arm64 | 1.0.0 | 32.00 | OK | |||
r-oldrel-macos-x86_64 | 1.0.0 | 43.00 | OK | |||
r-oldrel-windows-ix86+x86_64 | 1.0.0 | 86.00 | 87.00 | 173.00 | OK |
Version: 1.0.0
Check: C++ specification
Result: NOTE
Specified C++11: please drop specification unless essential
Flavors: r-devel-linux-x86_64-debian-clang, r-devel-linux-x86_64-debian-gcc, r-devel-linux-x86_64-fedora-clang, r-devel-linux-x86_64-fedora-gcc, r-patched-linux-x86_64