Last updated on 2023-10-02 09:05:01 CEST.
Flavor | Version | Tinstall | Tcheck | Ttotal | Status | Flags |
---|---|---|---|---|---|---|
r-devel-linux-x86_64-debian-clang | 0.6.3 | 29.06 | 655.09 | 684.15 | OK | |
r-devel-linux-x86_64-debian-gcc | 0.6.3 | 22.88 | 477.54 | 500.42 | OK | |
r-devel-linux-x86_64-fedora-clang | 0.6.3 | 827.79 | NOTE | |||
r-devel-linux-x86_64-fedora-gcc | 0.6.3 | 821.04 | OK | |||
r-devel-windows-x86_64 | 0.6.3 | 28.00 | 476.00 | 504.00 | NOTE | |
r-patched-linux-x86_64 | 0.6.3 | 31.38 | 634.89 | 666.27 | OK | |
r-release-linux-x86_64 | 0.6.3 | 31.73 | 642.02 | 673.75 | OK | |
r-release-macos-arm64 | 0.6.3 | 219.00 | NOTE | |||
r-release-macos-x86_64 | 0.6.3 | 573.00 | NOTE | |||
r-release-windows-x86_64 | 0.6.3 | 32.00 | 653.00 | 685.00 | NOTE | |
r-oldrel-macos-arm64 | 0.6.3 | 163.00 | NOTE | |||
r-oldrel-macos-x86_64 | 0.6.3 | 236.00 | NOTE | |||
r-oldrel-windows-x86_64 | 0.6.3 | 38.00 | 619.00 | 657.00 | NOTE |
Version: 0.6.3
Check: installed package size
Result: NOTE
installed size is 7.3Mb
sub-directories of 1Mb or more:
R 1.3Mb
bootstrap 1.6Mb
doc 1.3Mb
help 2.8Mb
Flavors: r-devel-linux-x86_64-fedora-clang, r-devel-windows-x86_64, r-release-macos-arm64, r-release-macos-x86_64, r-release-windows-x86_64, r-oldrel-macos-arm64, r-oldrel-macos-x86_64, r-oldrel-windows-x86_64