CRAN Package Check Results for Package rtf

Last updated on 2021-11-29 15:51:25 CET.

Flavor Version Tinstall Tcheck Ttotal Status Flags
r-devel-linux-x86_64-debian-clang 0.4-14.1 2.38 46.66 49.04 NOTE
r-devel-linux-x86_64-debian-gcc 0.4-14.1 2.78 36.08 38.86 NOTE
r-devel-linux-x86_64-fedora-clang 0.4-14.1 71.43 NOTE
r-devel-linux-x86_64-fedora-gcc 0.4-14.1 60.04 NOTE
r-devel-windows-x86_64-new-UL 0.4-14.1 9.00 103.00 112.00 OK
r-devel-windows-x86_64-new-TK 0.4-14.1 OK
r-devel-windows-x86_64-old 0.4-14.1 5.00 55.00 60.00 OK
r-patched-linux-x86_64 0.4-14.1 3.91 44.37 48.28 NOTE
r-patched-solaris-x86 0.4-14.1 88.90 NOTE
r-release-linux-x86_64 0.4-14.1 3.45 43.84 47.29 NOTE
r-release-macos-arm64 0.4-14.1 OK
r-release-macos-x86_64 0.4-14.1 OK
r-release-windows-ix86+x86_64 0.4-14.1 6.00 51.00 57.00 OK
r-oldrel-macos-x86_64 0.4-14.1 OK
r-oldrel-windows-ix86+x86_64 0.4-14.1 5.00 51.00 56.00 OK

Check Details

Version: 0.4-14.1
Check: for non-standard things in the check directory
Result: NOTE
    Found the following files/directories:
     'test_addPageBreak.doc' 'test_addPlot.doc' 'test_addSessionInfo.doc'
     'test_addTable.doc'
Flavors: r-devel-linux-x86_64-debian-clang, r-devel-linux-x86_64-debian-gcc, r-devel-linux-x86_64-fedora-clang, r-devel-linux-x86_64-fedora-gcc, r-patched-linux-x86_64, r-patched-solaris-x86, r-release-linux-x86_64