CRAN Package Check Results for Package rties

Last updated on 2021-10-27 16:49:18 CEST.

Flavor Version Tinstall Tcheck Ttotal Status Flags
r-devel-linux-x86_64-debian-clang 5.0.0 8.84 201.73 210.57 OK
r-devel-linux-x86_64-debian-gcc 5.0.0 6.59 145.20 151.79 OK
r-devel-linux-x86_64-fedora-clang 5.0.0 250.62 NOTE
r-devel-linux-x86_64-fedora-gcc 5.0.0 237.00 NOTE
r-devel-windows-x86_64 5.0.0 14.00 185.00 199.00 OK
r-devel-windows-x86_64-gcc10-UCRT 5.0.0 NOTE
r-patched-linux-x86_64 5.0.0 7.80 196.26 204.06 OK
r-patched-solaris-x86 5.0.0 172.00 NOTE
r-release-linux-x86_64 5.0.0 7.80 195.96 203.76 OK
r-release-macos-arm64 5.0.0 NOTE
r-release-macos-x86_64 5.0.0 NOTE
r-release-windows-ix86+x86_64 5.0.0 15.00 248.00 263.00 OK
r-oldrel-macos-x86_64 5.0.0 NOTE
r-oldrel-windows-ix86+x86_64 5.0.0 18.00 242.00 260.00 OK

Check Details

Version: 5.0.0
Check: dependencies in R code
Result: NOTE
    Namespaces in Imports field not imported from:
     ‘DescTools’ ‘MASS’ ‘gridExtra’
     All declared Imports should be used.
Flavors: r-devel-linux-x86_64-fedora-clang, r-devel-linux-x86_64-fedora-gcc, r-devel-windows-x86_64-gcc10-UCRT, r-patched-solaris-x86, r-release-macos-arm64, r-release-macos-x86_64, r-oldrel-macos-x86_64