Last updated on 2023-03-28 04:53:09 CEST.
Flavor | Version | Tinstall | Tcheck | Ttotal | Status | Flags |
---|---|---|---|---|---|---|
r-devel-linux-x86_64-debian-clang | 1.6.7 | 27.85 | 72.04 | 99.89 | NOTE | |
r-devel-linux-x86_64-debian-gcc | 1.6.7 | 24.58 | 57.62 | 82.20 | NOTE | |
r-devel-linux-x86_64-fedora-clang | 1.6.7 | 139.83 | NOTE | |||
r-devel-linux-x86_64-fedora-gcc | 1.6.7 | 155.01 | NOTE | |||
r-patched-linux-x86_64 | 1.6.7 | 28.84 | 71.08 | 99.92 | NOTE | |
r-release-linux-x86_64 | 1.6.7 | 28.49 | 70.22 | 98.71 | OK | |
r-release-macos-arm64 | 1.6.7 | 59.00 | NOTE | |||
r-release-macos-x86_64 | 1.6.7 | 68.00 | NOTE | |||
r-release-windows-x86_64 | 1.6.7 | 379.00 | 225.00 | 604.00 | OK | |
r-oldrel-macos-arm64 | 1.6.7 | 56.00 | NOTE | |||
r-oldrel-macos-x86_64 | 1.6.7 | 71.00 | NOTE | |||
r-oldrel-windows-ix86+x86_64 | 1.6.7 | 82.00 | 155.00 | 237.00 | NOTE |
Version: 1.6.7
Check: C++ specification
Result: NOTE
Specified C++11: please drop specification unless essential
Flavors: r-devel-linux-x86_64-debian-clang, r-devel-linux-x86_64-debian-gcc, r-devel-linux-x86_64-fedora-clang, r-devel-linux-x86_64-fedora-gcc, r-patched-linux-x86_64
Version: 1.6.7
Check: installed package size
Result: NOTE
installed size is 6.0Mb
sub-directories of 1Mb or more:
libs 2.4Mb
projects 2.9Mb
Flavors: r-release-macos-arm64, r-release-macos-x86_64, r-oldrel-macos-arm64, r-oldrel-macos-x86_64, r-oldrel-windows-ix86+x86_64