CRAN Package Check Results for Package rtypeform

Last updated on 2021-11-29 15:51:25 CET.

Flavor Version Tinstall Tcheck Ttotal Status Flags
r-devel-linux-x86_64-debian-clang 2.1.0 5.60 53.37 58.97 NOTE
r-devel-linux-x86_64-debian-gcc 2.1.0 4.08 40.76 44.84 NOTE
r-devel-linux-x86_64-fedora-clang 2.1.0 83.78 NOTE
r-devel-linux-x86_64-fedora-gcc 2.1.0 70.15 NOTE
r-devel-windows-x86_64-new-UL 2.1.0 14.00 97.00 111.00 NOTE
r-devel-windows-x86_64-new-TK 2.1.0 NOTE
r-devel-windows-x86_64-old 2.1.0 10.00 57.00 67.00 NOTE
r-patched-linux-x86_64 2.1.0 5.66 50.22 55.88 NOTE
r-patched-solaris-x86 2.1.0 98.60 NOTE
r-release-linux-x86_64 2.1.0 5.65 50.25 55.90 NOTE
r-release-macos-arm64 2.1.0 NOTE
r-release-macos-x86_64 2.1.0 NOTE
r-release-windows-ix86+x86_64 2.1.0 17.00 54.00 71.00 NOTE
r-oldrel-macos-x86_64 2.1.0 OK
r-oldrel-windows-ix86+x86_64 2.1.0 10.00 57.00 67.00 OK

Check Details

Version: 2.1.0
Check: LazyData
Result: NOTE
     'LazyData' is specified without a 'data' directory
Flavors: r-devel-linux-x86_64-debian-clang, r-devel-linux-x86_64-debian-gcc, r-devel-linux-x86_64-fedora-clang, r-devel-linux-x86_64-fedora-gcc, r-devel-windows-x86_64-new-UL, r-devel-windows-x86_64-new-TK, r-devel-windows-x86_64-old, r-patched-linux-x86_64, r-patched-solaris-x86, r-release-linux-x86_64, r-release-macos-arm64, r-release-macos-x86_64, r-release-windows-ix86+x86_64