CRAN Package Check Results for Package ruin

Last updated on 2024-02-22 12:48:37 CET.

Flavor Version Tinstall Tcheck Ttotal Status Flags
r-devel-linux-x86_64-debian-clang 0.1.1 NOTE
r-devel-linux-x86_64-debian-gcc 0.1.1 3.36 50.74 54.10 NOTE
r-devel-linux-x86_64-fedora-clang 0.1.1 89.69 NOTE
r-devel-linux-x86_64-fedora-gcc 0.1.1 96.83 NOTE
r-devel-windows-x86_64 0.1.1 4.00 72.00 76.00 NOTE
r-patched-linux-x86_64 0.1.1 10.37 65.67 76.04 NOTE
r-release-linux-x86_64 0.1.1 3.75 65.82 69.57 NOTE
r-release-macos-arm64 0.1.1 34.00 NOTE
r-release-macos-x86_64 0.1.1 55.00 NOTE
r-release-windows-x86_64 0.1.1 6.00 81.00 87.00 NOTE
r-oldrel-macos-arm64 0.1.1 27.00 NOTE
r-oldrel-windows-x86_64 0.1.1 6.00 81.00 87.00 NOTE

Check Details

Version: 0.1.1
Check: LazyData
Result: NOTE 'LazyData' is specified without a 'data' directory Flavors: r-devel-linux-x86_64-debian-clang, r-devel-linux-x86_64-debian-gcc, r-devel-linux-x86_64-fedora-clang, r-devel-linux-x86_64-fedora-gcc, r-devel-windows-x86_64, r-patched-linux-x86_64, r-release-linux-x86_64, r-release-macos-arm64, r-release-macos-x86_64, r-release-windows-x86_64, r-oldrel-macos-arm64, r-oldrel-windows-x86_64