Last updated on 2023-10-02 17:01:48 CEST.
Flavor | Version | Tinstall | Tcheck | Ttotal | Status | Flags |
---|---|---|---|---|---|---|
r-devel-linux-x86_64-debian-clang | 0.1.2 | 4.05 | 41.18 | 45.23 | NOTE | |
r-devel-linux-x86_64-debian-gcc | 0.1.2 | 3.15 | 31.65 | 34.80 | NOTE | |
r-devel-linux-x86_64-fedora-clang | 0.1.2 | 55.27 | NOTE | |||
r-devel-linux-x86_64-fedora-gcc | 0.1.2 | 54.79 | NOTE | |||
r-devel-windows-x86_64 | 0.1.2 | 4.00 | 52.00 | 56.00 | NOTE | |
r-patched-linux-x86_64 | 0.1.2 | 4.16 | 40.17 | 44.33 | NOTE | |
r-release-linux-x86_64 | 0.1.2 | 4.26 | 41.01 | 45.27 | NOTE | |
r-release-macos-arm64 | 0.1.2 | 20.00 | NOTE | |||
r-release-macos-x86_64 | 0.1.2 | 30.00 | NOTE | |||
r-release-windows-x86_64 | 0.1.2 | 5.00 | 57.00 | 62.00 | NOTE | |
r-oldrel-macos-arm64 | 0.1.2 | 21.00 | OK | |||
r-oldrel-macos-x86_64 | 0.1.2 | 28.00 | OK | |||
r-oldrel-windows-x86_64 | 0.1.2 | 7.00 | 55.00 | 62.00 | OK |
Version: 0.1.2
Check: package subdirectories
Result: NOTE
Problems with news in ‘NEWS.md’:
No news entries found.
Flavors: r-devel-linux-x86_64-debian-clang, r-devel-linux-x86_64-debian-gcc, r-devel-linux-x86_64-fedora-clang, r-devel-linux-x86_64-fedora-gcc, r-devel-windows-x86_64, r-patched-linux-x86_64, r-release-linux-x86_64, r-release-macos-arm64, r-release-macos-x86_64, r-release-windows-x86_64