Last updated on 2023-05-28 16:58:00 CEST.
Flavor | Version | Tinstall | Tcheck | Ttotal | Status | Flags |
---|---|---|---|---|---|---|
r-devel-linux-x86_64-debian-clang | 0.99.5 | 7.41 | 72.41 | 79.82 | OK | |
r-devel-linux-x86_64-debian-gcc | 0.99.5 | 5.32 | 54.91 | 60.23 | OK | |
r-devel-linux-x86_64-fedora-clang | 0.99.5 | 103.39 | NOTE | |||
r-devel-linux-x86_64-fedora-gcc | 0.99.5 | 119.66 | OK | |||
r-devel-windows-x86_64 | 0.99.5 | 9.00 | 89.00 | 98.00 | OK | |
r-patched-linux-x86_64 | 0.99.5 | 4.33 | 68.36 | 72.69 | OK | |
r-release-linux-x86_64 | 0.99.5 | 4.10 | 68.60 | 72.70 | OK | |
r-release-macos-arm64 | 0.99.5 | 52.00 | OK | |||
r-release-macos-x86_64 | 0.99.5 | 75.00 | OK | |||
r-release-windows-x86_64 | 0.99.5 | 10.00 | 99.00 | 109.00 | OK | |
r-oldrel-macos-arm64 | 0.99.5 | 45.00 | OK | |||
r-oldrel-macos-x86_64 | 0.99.5 | 61.00 | OK | |||
r-oldrel-windows-x86_64 | 0.99.5 | 10.00 | 104.00 | 114.00 | OK |
Version: 0.99.5
Check: installed package size
Result: NOTE
installed size is 5.0Mb
sub-directories of 1Mb or more:
doc 4.7Mb
Flavor: r-devel-linux-x86_64-fedora-clang