CRAN Package Check Results for Package rworldxtra

Last updated on 2021-10-26 16:49:48 CEST.

Flavor Version Tinstall Tcheck Ttotal Status Flags
r-devel-linux-x86_64-debian-clang 1.01 2.55 20.85 23.40 NOTE
r-devel-linux-x86_64-debian-gcc 1.01 1.76 16.81 18.57 NOTE
r-devel-linux-x86_64-fedora-clang 1.01 38.33 NOTE
r-devel-linux-x86_64-fedora-gcc 1.01 28.87 NOTE
r-devel-windows-x86_64 1.01 4.00 32.00 36.00 NOTE
r-devel-windows-x86_64-gcc10-UCRT 1.01 NOTE
r-patched-linux-x86_64 1.01 2.46 20.74 23.20 NOTE
r-patched-solaris-x86 1.01 46.50 NOTE
r-release-linux-x86_64 1.01 2.17 20.44 22.61 NOTE
r-release-macos-arm64 1.01 NOTE
r-release-macos-x86_64 1.01 NOTE
r-release-windows-ix86+x86_64 1.01 5.00 42.00 47.00 NOTE
r-oldrel-macos-x86_64 1.01 NOTE
r-oldrel-windows-ix86+x86_64 1.01 7.00 38.00 45.00 NOTE

Check Details

Version: 1.01
Check: DESCRIPTION meta-information
Result: NOTE
    Malformed Title field: should not end in a period.
Flavors: r-devel-linux-x86_64-debian-clang, r-devel-linux-x86_64-debian-gcc, r-devel-linux-x86_64-fedora-clang, r-devel-linux-x86_64-fedora-gcc, r-devel-windows-x86_64, r-devel-windows-x86_64-gcc10-UCRT, r-patched-linux-x86_64, r-patched-solaris-x86, r-release-linux-x86_64, r-release-macos-arm64, r-release-macos-x86_64, r-release-windows-ix86+x86_64, r-oldrel-macos-x86_64, r-oldrel-windows-ix86+x86_64

Version: 1.01
Check: installed package size
Result: NOTE
     installed size is 5.1Mb
     sub-directories of 1Mb or more:
     data 5.0Mb
Flavors: r-devel-linux-x86_64-fedora-clang, r-devel-windows-x86_64, r-patched-solaris-x86, r-release-macos-arm64, r-release-macos-x86_64, r-release-windows-ix86+x86_64, r-oldrel-macos-x86_64, r-oldrel-windows-ix86+x86_64