Last updated on 2023-03-29 16:50:26 CEST.
Flavor | Version | Tinstall | Tcheck | Ttotal | Status | Flags |
---|---|---|---|---|---|---|
r-devel-linux-x86_64-debian-clang | 1.0.4 | 40.08 | 45.94 | 86.02 | NOTE | |
r-devel-linux-x86_64-debian-gcc | 1.0.4 | 31.10 | 35.71 | 66.81 | NOTE | |
r-devel-linux-x86_64-fedora-clang | 1.0.4 | 120.84 | NOTE | |||
r-devel-linux-x86_64-fedora-gcc | 1.0.4 | 120.81 | NOTE | |||
r-patched-linux-x86_64 | 1.0.4 | 39.30 | 45.32 | 84.62 | NOTE | |
r-release-linux-x86_64 | 1.0.4 | 34.11 | 46.34 | 80.45 | OK | |
r-release-macos-arm64 | 1.0.4 | 33.00 | OK | |||
r-release-macos-x86_64 | 1.0.4 | 47.00 | OK | |||
r-release-windows-x86_64 | 1.0.4 | 45.00 | 105.00 | 150.00 | OK | |
r-oldrel-macos-arm64 | 1.0.4 | 31.00 | OK | |||
r-oldrel-macos-x86_64 | 1.0.4 | 52.00 | OK | |||
r-oldrel-windows-ix86+x86_64 | 1.0.4 | 97.00 | 102.00 | 199.00 | OK |
Version: 1.0.4
Check: C++ specification
Result: NOTE
Specified C++11: please drop specification unless essential
Flavors: r-devel-linux-x86_64-debian-clang, r-devel-linux-x86_64-debian-gcc, r-devel-linux-x86_64-fedora-clang, r-devel-linux-x86_64-fedora-gcc, r-patched-linux-x86_64