CRAN Package Check Results for Package sBIC

Last updated on 2021-10-17 01:51:18 CEST.

Flavor Version Tinstall Tcheck Ttotal Status Flags
r-devel-linux-x86_64-debian-clang 0.2.0 19.17 185.37 204.54 OK
r-devel-linux-x86_64-debian-gcc 0.2.0 15.78 134.44 150.22 OK
r-devel-linux-x86_64-fedora-clang 0.2.0 255.88 NOTE
r-devel-linux-x86_64-fedora-gcc 0.2.0 237.93 NOTE
r-devel-windows-x86_64 0.2.0 25.00 204.00 229.00 OK
r-devel-windows-x86_64-gcc10-UCRT 0.2.0 OK
r-patched-linux-x86_64 0.2.0 20.33 56.51 76.84 OK
r-patched-solaris-x86 0.2.0 278.60 OK
r-release-linux-x86_64 0.2.0 20.25 56.78 77.03 OK
r-release-macos-arm64 0.2.0 OK
r-release-macos-x86_64 0.2.0 OK
r-release-windows-ix86+x86_64 0.2.0 34.00 115.00 149.00 OK
r-oldrel-macos-x86_64 0.2.0 OK
r-oldrel-windows-ix86+x86_64 0.2.0 51.00 121.00 172.00 OK

Check Details

Version: 0.2.0
Check: compiled code
Result: NOTE
    File ‘sBIC/libs/sBIC.so’:
     Found no calls to: ‘R_registerRoutines’, ‘R_useDynamicSymbols’
    
    It is good practice to register native routines and to disable symbol
    search.
    
    See ‘Writing portable packages’ in the ‘Writing R Extensions’ manual.
Flavors: r-devel-linux-x86_64-fedora-clang, r-devel-linux-x86_64-fedora-gcc