Last updated on 2023-03-27 20:52:27 CEST.
Flavor | Version | Tinstall | Tcheck | Ttotal | Status | Flags |
---|---|---|---|---|---|---|
r-devel-linux-x86_64-debian-clang | 1.2 | 51.95 | 75.25 | 127.20 | NOTE | |
r-devel-linux-x86_64-debian-gcc | 1.2 | 49.66 | 58.99 | 108.65 | NOTE | |
r-devel-linux-x86_64-fedora-clang | 1.2 | 179.71 | NOTE | |||
r-devel-linux-x86_64-fedora-gcc | 1.2 | 177.19 | NOTE | |||
r-patched-linux-x86_64 | 1.2 | 46.67 | 72.23 | 118.90 | NOTE | |
r-release-linux-x86_64 | 1.2 | 47.42 | 73.69 | 121.11 | OK | |
r-release-macos-arm64 | 1.2 | 50.00 | NOTE | |||
r-release-macos-x86_64 | 1.2 | 64.00 | NOTE | |||
r-release-windows-x86_64 | 1.2 | 68.00 | 129.00 | 197.00 | OK | |
r-oldrel-macos-arm64 | 1.2 | 52.00 | NOTE | |||
r-oldrel-macos-x86_64 | 1.2 | 65.00 | NOTE | |||
r-oldrel-windows-ix86+x86_64 | 1.2 | 136.00 | 143.00 | 279.00 | OK |
Version: 1.2
Check: C++ specification
Result: NOTE
Specified C++11: please drop specification unless essential
Flavors: r-devel-linux-x86_64-debian-clang, r-devel-linux-x86_64-debian-gcc, r-devel-linux-x86_64-fedora-clang, r-devel-linux-x86_64-fedora-gcc, r-patched-linux-x86_64
Version: 1.2
Check: installed package size
Result: NOTE
installed size is 7.2Mb
sub-directories of 1Mb or more:
libs 6.9Mb
Flavors: r-release-macos-arm64, r-release-macos-x86_64, r-oldrel-macos-arm64, r-oldrel-macos-x86_64