CRAN Package Check Results for Package saeRobust

Last updated on 2024-03-05 00:51:57 CET.

Flavor Version Tinstall Tcheck Ttotal Status Flags
r-devel-linux-x86_64-debian-clang 0.4.0 48.85 179.45 228.30 ERROR
r-devel-linux-x86_64-debian-gcc 0.4.0 37.12 139.42 176.54 ERROR
r-devel-linux-x86_64-fedora-clang 0.4.0 287.29 ERROR
r-devel-linux-x86_64-fedora-gcc 0.4.0 306.74 ERROR
r-devel-windows-x86_64 0.4.0 45.00 158.00 203.00 ERROR
r-patched-linux-x86_64 0.4.0 45.96 182.07 228.03 OK
r-release-linux-x86_64 0.4.0 52.97 179.59 232.56 OK
r-release-macos-arm64 0.4.0 88.00 OK
r-release-macos-x86_64 0.4.0 159.00 OK
r-release-windows-x86_64 0.4.0 55.00 210.00 265.00 OK
r-oldrel-macos-arm64 0.4.0 76.00 OK
r-oldrel-windows-x86_64 0.4.0 52.00 292.00 344.00 OK

Check Details

Version: 0.4.0
Check: tests
Result: ERROR Running ‘testthat.R’ [54s/64s] Running the tests in ‘tests/testthat.R’ failed. Complete output: > library("saeRobust") Loading required package: aoos > > if (requireNamespace("testthat", quietly = TRUE)) + if (requireNamespace("sae", quietly = TRUE)) + if (requireNamespace("saeSim", quietly = TRUE)) + testthat::test_check("saeRobust") [ FAIL 1 | WARN 0 | SKIP 3 | PASS 97 ] ══ Skipped tests (3) ═══════════════════════════════════════════════════════════ • On CRAN (3): 'test-print.R:16:3', 'test-rfh.R:86:3', 'test-rfh.R:118:3' ══ Failed tests ════════════════════════════════════════════════════════════════ ── Error ('test-rfh.R:22:5'): rfh is working ─────────────────────────────────── Error in `get(n, envir = from, inherits = FALSE)`: getting UseMethod variable '.Methods' from generic 'summary'; this is no longer supported Backtrace: ▆ 1. ├─base::summary(out) at test-rfh.R:22:5 2. ├─base::summary(out) 3. └─saeRobust:::summary.rfh(out) 4. └─aoos::retList("summary.rfh", super = object) 5. └─aoos (local) mergeFun(envir, superEnv) 6. └─aoos::envCopy(x, e) 7. ├─base::assign(n, get(n, envir = from, inherits = FALSE), envir = to) 8. └─base::get(n, envir = from, inherits = FALSE) [ FAIL 1 | WARN 0 | SKIP 3 | PASS 97 ] Error: Test failures Execution halted Flavor: r-devel-linux-x86_64-debian-clang

Version: 0.4.0
Check: tests
Result: ERROR Running ‘testthat.R’ [47s/75s] Running the tests in ‘tests/testthat.R’ failed. Complete output: > library("saeRobust") Loading required package: aoos > > if (requireNamespace("testthat", quietly = TRUE)) + if (requireNamespace("sae", quietly = TRUE)) + if (requireNamespace("saeSim", quietly = TRUE)) + testthat::test_check("saeRobust") [ FAIL 1 | WARN 0 | SKIP 3 | PASS 97 ] ══ Skipped tests (3) ═══════════════════════════════════════════════════════════ • On CRAN (3): 'test-print.R:16:3', 'test-rfh.R:86:3', 'test-rfh.R:118:3' ══ Failed tests ════════════════════════════════════════════════════════════════ ── Error ('test-rfh.R:22:5'): rfh is working ─────────────────────────────────── Error in `get(n, envir = from, inherits = FALSE)`: getting UseMethod variable '.Methods' from generic 'summary'; this is no longer supported Backtrace: ▆ 1. ├─base::summary(out) at test-rfh.R:22:5 2. ├─base::summary(out) 3. └─saeRobust:::summary.rfh(out) 4. └─aoos::retList("summary.rfh", super = object) 5. └─aoos (local) mergeFun(envir, superEnv) 6. └─aoos::envCopy(x, e) 7. ├─base::assign(n, get(n, envir = from, inherits = FALSE), envir = to) 8. └─base::get(n, envir = from, inherits = FALSE) [ FAIL 1 | WARN 0 | SKIP 3 | PASS 97 ] Error: Test failures Execution halted Flavor: r-devel-linux-x86_64-debian-gcc

Version: 0.4.0
Check: tests
Result: ERROR Running ‘testthat.R’ [60s/75s] Running the tests in ‘tests/testthat.R’ failed. Complete output: > library("saeRobust") Loading required package: aoos > > if (requireNamespace("testthat", quietly = TRUE)) + if (requireNamespace("sae", quietly = TRUE)) + if (requireNamespace("saeSim", quietly = TRUE)) + testthat::test_check("saeRobust") [ FAIL 1 | WARN 0 | SKIP 3 | PASS 97 ] ══ Skipped tests (3) ═══════════════════════════════════════════════════════════ • On CRAN (3): 'test-print.R:16:3', 'test-rfh.R:86:3', 'test-rfh.R:118:3' ══ Failed tests ════════════════════════════════════════════════════════════════ ── Error ('test-rfh.R:22:5'): rfh is working ─────────────────────────────────── Error in `get(n, envir = from, inherits = FALSE)`: getting UseMethod variable '.Methods' from generic 'summary'; this is no longer supported Backtrace: ▆ 1. ├─base::summary(out) at test-rfh.R:22:5 2. ├─base::summary(out) 3. └─saeRobust:::summary.rfh(out) 4. └─aoos::retList("summary.rfh", super = object) 5. └─aoos (local) mergeFun(envir, superEnv) 6. └─aoos::envCopy(x, e) 7. ├─base::assign(n, get(n, envir = from, inherits = FALSE), envir = to) 8. └─base::get(n, envir = from, inherits = FALSE) [ FAIL 1 | WARN 0 | SKIP 3 | PASS 97 ] Error: Test failures Execution halted Flavor: r-devel-linux-x86_64-fedora-clang

Version: 0.4.0
Check: tests
Result: ERROR Running ‘testthat.R’ [72s/89s] Running the tests in ‘tests/testthat.R’ failed. Complete output: > library("saeRobust") Loading required package: aoos > > if (requireNamespace("testthat", quietly = TRUE)) + if (requireNamespace("sae", quietly = TRUE)) + if (requireNamespace("saeSim", quietly = TRUE)) + testthat::test_check("saeRobust") [ FAIL 1 | WARN 0 | SKIP 3 | PASS 97 ] ══ Skipped tests (3) ═══════════════════════════════════════════════════════════ • On CRAN (3): 'test-print.R:16:3', 'test-rfh.R:86:3', 'test-rfh.R:118:3' ══ Failed tests ════════════════════════════════════════════════════════════════ ── Error ('test-rfh.R:22:5'): rfh is working ─────────────────────────────────── Error in `get(n, envir = from, inherits = FALSE)`: getting UseMethod variable '.Methods' from generic 'summary'; this is no longer supported Backtrace: ▆ 1. ├─base::summary(out) at test-rfh.R:22:5 2. ├─base::summary(out) 3. └─saeRobust:::summary.rfh(out) 4. └─aoos::retList("summary.rfh", super = object) 5. └─aoos (local) mergeFun(envir, superEnv) 6. └─aoos::envCopy(x, e) 7. ├─base::assign(n, get(n, envir = from, inherits = FALSE), envir = to) 8. └─base::get(n, envir = from, inherits = FALSE) [ FAIL 1 | WARN 0 | SKIP 3 | PASS 97 ] Error: Test failures Execution halted Flavor: r-devel-linux-x86_64-fedora-gcc

Version: 0.4.0
Check: tests
Result: ERROR Running 'testthat.R' [35s] Running the tests in 'tests/testthat.R' failed. Complete output: > library("saeRobust") Loading required package: aoos > > if (requireNamespace("testthat", quietly = TRUE)) + if (requireNamespace("sae", quietly = TRUE)) + if (requireNamespace("saeSim", quietly = TRUE)) + testthat::test_check("saeRobust") [ FAIL 1 | WARN 0 | SKIP 3 | PASS 97 ] ══ Skipped tests (3) ═══════════════════════════════════════════════════════════ • On CRAN (3): 'test-print.R:16:3', 'test-rfh.R:86:3', 'test-rfh.R:118:3' ══ Failed tests ════════════════════════════════════════════════════════════════ ── Error ('test-rfh.R:22:5'): rfh is working ─────────────────────────────────── Error in `get(n, envir = from, inherits = FALSE)`: getting UseMethod variable '.Methods' from generic 'summary'; this is no longer supported Backtrace: ▆ 1. ├─base::summary(out) at test-rfh.R:22:5 2. ├─base::summary(out) 3. └─saeRobust:::summary.rfh(out) 4. └─aoos::retList("summary.rfh", super = object) 5. └─aoos (local) mergeFun(envir, superEnv) 6. └─aoos::envCopy(x, e) 7. ├─base::assign(n, get(n, envir = from, inherits = FALSE), envir = to) 8. └─base::get(n, envir = from, inherits = FALSE) [ FAIL 1 | WARN 0 | SKIP 3 | PASS 97 ] Error: Test failures Execution halted Flavor: r-devel-windows-x86_64