CRAN Package Check Results for Package saery

Last updated on 2019-10-18 20:46:30 CEST.

Flavor Version Tinstall Tcheck Ttotal Status Flags
r-devel-linux-x86_64-debian-clang 1.0 3.96 43.68 47.64 NOTE
r-devel-linux-x86_64-debian-gcc 1.0 3.73 34.30 38.03 NOTE
r-devel-linux-x86_64-fedora-clang 1.0 63.93 NOTE
r-devel-linux-x86_64-fedora-gcc 1.0 59.92 NOTE
r-devel-windows-ix86+x86_64 1.0 12.00 46.00 58.00 NOTE
r-patched-linux-x86_64 1.0 4.61 43.78 48.39 NOTE
r-patched-solaris-x86 1.0 81.10 NOTE
r-release-linux-x86_64 1.0 3.93 43.55 47.48 NOTE
r-release-windows-ix86+x86_64 1.0 7.00 72.00 79.00 NOTE
r-release-osx-x86_64 1.0 NOTE
r-oldrel-windows-ix86+x86_64 1.0 5.00 48.00 53.00 NOTE
r-oldrel-osx-x86_64 1.0 NOTE

Check Details

Version: 1.0
Check: R code for possible problems
Result: NOTE
    fit.saery.AR1: no visible global function definition for 'qnorm'
    fit.saery.MA1: no visible global function definition for 'qnorm'
    fit.saery.indep: no visible global function definition for 'qnorm'
    mse.saery.boot.AR1.typeI: no visible global function definition for
     'rnorm'
    mse.saery.boot.AR1.typeI: no visible global function definition for
     'write.table'
    mse.saery.boot.AR1.typeII: no visible global function definition for
     'rnorm'
    mse.saery.boot.AR1.typeII: no visible global function definition for
     'write.table'
    mse.saery.boot.MA1.typeI: no visible global function definition for
     'rnorm'
    mse.saery.boot.MA1.typeI: no visible global function definition for
     'write.table'
    mse.saery.boot.MA1.typeII: no visible global function definition for
     'rnorm'
    mse.saery.boot.MA1.typeII: no visible global function definition for
     'write.table'
    plot.saery: no visible global function definition for 'devAskNewPage'
    plot.saery: no visible global function definition for 'par'
    plot.saery: no visible global function definition for 'plot'
    plot.saery: no visible global function definition for 'abline'
    plot.saery: no visible global function definition for 'title'
    plot.saery: no visible global function definition for 'axis'
    plot.saery: no visible global function definition for 'lines'
    plot.saery: no visible global function definition for 'legend'
    pvalue: no visible global function definition for 'pnorm'
    Undefined global functions or variables:
     abline axis devAskNewPage legend lines par plot pnorm qnorm rnorm
     title write.table
    Consider adding
     importFrom("grDevices", "devAskNewPage")
     importFrom("graphics", "abline", "axis", "legend", "lines", "par",
     "plot", "title")
     importFrom("stats", "pnorm", "qnorm", "rnorm")
     importFrom("utils", "write.table")
    to your NAMESPACE file.
Flavors: r-devel-linux-x86_64-debian-clang, r-devel-linux-x86_64-debian-gcc, r-devel-linux-x86_64-fedora-clang, r-devel-linux-x86_64-fedora-gcc, r-devel-windows-ix86+x86_64, r-patched-linux-x86_64, r-patched-solaris-x86, r-release-linux-x86_64, r-release-windows-ix86+x86_64, r-release-osx-x86_64, r-oldrel-windows-ix86+x86_64, r-oldrel-osx-x86_64