CRAN Package Check Results for Package safer

Last updated on 2021-12-01 03:55:41 CET.

Flavor Version Tinstall Tcheck Ttotal Status Flags
r-devel-linux-x86_64-debian-clang 0.2.1 2.53 21.79 24.32 NOTE
r-devel-linux-x86_64-debian-gcc 0.2.1 1.85 16.87 18.72 NOTE
r-devel-linux-x86_64-fedora-clang 0.2.1 40.24 NOTE
r-devel-linux-x86_64-fedora-gcc 0.2.1 29.47 NOTE
r-devel-windows-x86_64-new-UL 0.2.1 7.00 51.00 58.00 NOTE
r-devel-windows-x86_64-new-TK 0.2.1 NOTE
r-devel-windows-x86_64-old 0.2.1 4.00 29.00 33.00 NOTE
r-patched-linux-x86_64 0.2.1 2.64 20.48 23.12 NOTE
r-patched-solaris-x86 0.2.1 43.90 NOTE
r-release-linux-x86_64 0.2.1 2.19 20.32 22.51 NOTE
r-release-macos-arm64 0.2.1 NOTE
r-release-macos-x86_64 0.2.1 NOTE
r-release-windows-ix86+x86_64 0.2.1 6.00 29.00 35.00 NOTE
r-oldrel-macos-x86_64 0.2.1 OK
r-oldrel-windows-ix86+x86_64 0.2.1 4.00 37.00 41.00 OK

Check Details

Version: 0.2.1
Check: LazyData
Result: NOTE
     'LazyData' is specified without a 'data' directory
Flavors: r-devel-linux-x86_64-debian-clang, r-devel-linux-x86_64-debian-gcc, r-devel-linux-x86_64-fedora-clang, r-devel-linux-x86_64-fedora-gcc, r-devel-windows-x86_64-new-UL, r-devel-windows-x86_64-new-TK, r-devel-windows-x86_64-old, r-patched-linux-x86_64, r-patched-solaris-x86, r-release-linux-x86_64, r-release-macos-arm64, r-release-macos-x86_64, r-release-windows-ix86+x86_64