CRAN Package Check Results for Package safetyGraphics

Last updated on 2021-10-17 16:49:38 CEST.

Flavor Version Tinstall Tcheck Ttotal Status Flags
r-devel-linux-x86_64-debian-clang 2.0.0 9.66 93.35 103.01 OK
r-devel-linux-x86_64-debian-gcc 2.0.0 7.63 70.22 77.85 OK
r-devel-linux-x86_64-fedora-clang 2.0.0 137.45 NOTE
r-devel-linux-x86_64-fedora-gcc 2.0.0 121.38 NOTE
r-devel-windows-x86_64 2.0.0 19.00 108.00 127.00 OK
r-devel-windows-x86_64-gcc10-UCRT 2.0.0 NOTE
r-patched-linux-x86_64 2.0.0 11.75 90.86 102.61 OK
r-patched-solaris-x86 2.0.0 171.90 NOTE
r-release-linux-x86_64 2.0.0 9.68 90.62 100.30 OK
r-release-macos-arm64 2.0.0 NOTE
r-release-macos-x86_64 2.0.0 NOTE
r-release-windows-ix86+x86_64 2.0.0 25.00 135.00 160.00 OK
r-oldrel-macos-x86_64 2.0.0 NOTE
r-oldrel-windows-ix86+x86_64 2.0.0 26.00 129.00 155.00 OK

Check Details

Version: 2.0.0
Check: dependencies in R code
Result: NOTE
    Namespaces in Imports field not imported from:
     ‘magrittr’ ‘safetyCharts’
     All declared Imports should be used.
Flavors: r-devel-linux-x86_64-fedora-clang, r-devel-linux-x86_64-fedora-gcc, r-devel-windows-x86_64-gcc10-UCRT, r-patched-solaris-x86, r-release-macos-arm64, r-release-macos-x86_64, r-oldrel-macos-x86_64