Last updated on 2023-11-29 15:50:29 CET.
Flavor | Version | Tinstall | Tcheck | Ttotal | Status | Flags |
---|---|---|---|---|---|---|
r-devel-linux-x86_64-debian-clang | 0.3.35 | 138.39 | 41.97 | 180.36 | OK | |
r-devel-linux-x86_64-debian-gcc | 0.3.35 | 105.45 | 33.56 | 139.01 | OK | |
r-devel-linux-x86_64-fedora-clang | 0.3.35 | 242.60 | OK | |||
r-devel-linux-x86_64-fedora-gcc | 0.3.35 | 240.40 | OK | |||
r-devel-windows-x86_64 | 0.3.35 | 85.00 | 81.00 | 166.00 | OK | |
r-patched-linux-x86_64 | 0.3.35 | 136.89 | 40.93 | 177.82 | OK | |
r-release-linux-x86_64 | 0.3.35 | 135.02 | 41.53 | 176.55 | OK | |
r-release-macos-arm64 | 0.3.35 | 64.00 | NOTE | |||
r-release-macos-x86_64 | 0.3.35 | 132.00 | NOTE | |||
r-release-windows-x86_64 | 0.3.35 | 88.00 | 94.00 | 182.00 | OK | |
r-oldrel-macos-arm64 | 0.3.35 | 64.00 | NOTE | |||
r-oldrel-macos-x86_64 | 0.3.35 | 91.00 | NOTE | |||
r-oldrel-windows-x86_64 | 0.3.35 | 79.00 | 90.00 | 169.00 | OK |
Version: 0.3.35
Check: installed package size
Result: NOTE
installed size is 7.6Mb
sub-directories of 1Mb or more:
libs 7.3Mb
Flavors: r-release-macos-arm64, r-release-macos-x86_64, r-oldrel-macos-arm64, r-oldrel-macos-x86_64