CRAN Package Check Results for Package sambia

Last updated on 2024-05-27 16:56:58 CEST.

Flavor Version Tinstall Tcheck Ttotal Status Flags
r-devel-linux-x86_64-debian-clang 0.1.0 11.37 100.89 112.26 NOTE
r-devel-linux-x86_64-debian-gcc 0.1.0 9.00 74.57 83.57 NOTE
r-devel-linux-x86_64-fedora-clang 0.1.0 142.62 NOTE
r-devel-linux-x86_64-fedora-gcc 0.1.0 131.48 NOTE
r-devel-windows-x86_64 0.1.0 9.00 87.00 96.00 NOTE
r-patched-linux-x86_64 0.1.0 9.45 96.66 106.11 NOTE
r-release-linux-x86_64 0.1.0 10.75 96.66 107.41 NOTE
r-release-macos-arm64 0.1.0 39.00 NOTE
r-release-windows-x86_64 0.1.0 10.00 87.00 97.00 NOTE
r-oldrel-macos-arm64 0.1.0 42.00 NOTE
r-oldrel-macos-x86_64 0.1.0 72.00 NOTE
r-oldrel-windows-x86_64 0.1.0 14.00 109.00 123.00 NOTE

Check Details

Version: 0.1.0
Check: LazyData
Result: NOTE 'LazyData' is specified without a 'data' directory Flavors: r-devel-linux-x86_64-debian-clang, r-devel-linux-x86_64-debian-gcc, r-devel-linux-x86_64-fedora-clang, r-devel-linux-x86_64-fedora-gcc, r-devel-windows-x86_64, r-patched-linux-x86_64, r-release-linux-x86_64, r-release-macos-arm64, r-release-windows-x86_64, r-oldrel-macos-arm64, r-oldrel-macos-x86_64, r-oldrel-windows-x86_64