Last updated on 2023-05-28 04:56:26 CEST.
Flavor | Version | Tinstall | Tcheck | Ttotal | Status | Flags |
---|---|---|---|---|---|---|
r-devel-linux-x86_64-debian-clang | 0.1.0 | 11.67 | 106.21 | 117.88 | NOTE | |
r-devel-linux-x86_64-debian-gcc | 0.1.0 | 8.79 | 78.71 | 87.50 | NOTE | |
r-devel-linux-x86_64-fedora-clang | 0.1.0 | 143.21 | NOTE | |||
r-devel-linux-x86_64-fedora-gcc | 0.1.0 | 134.50 | NOTE | |||
r-devel-windows-x86_64 | 0.1.0 | 12.00 | 88.00 | 100.00 | NOTE | |
r-patched-linux-x86_64 | 0.1.0 | 11.55 | 98.04 | 109.59 | NOTE | |
r-release-linux-x86_64 | 0.1.0 | 12.13 | 98.80 | 110.93 | NOTE | |
r-release-macos-arm64 | 0.1.0 | 42.00 | NOTE | |||
r-release-macos-x86_64 | 0.1.0 | 72.00 | NOTE | |||
r-release-windows-x86_64 | 0.1.0 | 14.00 | 110.00 | 124.00 | NOTE | |
r-oldrel-macos-arm64 | 0.1.0 | 38.00 | NOTE | |||
r-oldrel-macos-x86_64 | 0.1.0 | 73.00 | NOTE | |||
r-oldrel-windows-x86_64 | 0.1.0 | 13.00 | 111.00 | 124.00 | NOTE |
Version: 0.1.0
Check: LazyData
Result: NOTE
'LazyData' is specified without a 'data' directory
Flavors: r-devel-linux-x86_64-debian-clang, r-devel-linux-x86_64-debian-gcc, r-devel-linux-x86_64-fedora-clang, r-devel-linux-x86_64-fedora-gcc, r-devel-windows-x86_64, r-patched-linux-x86_64, r-release-linux-x86_64, r-release-macos-arm64, r-release-macos-x86_64, r-release-windows-x86_64, r-oldrel-macos-arm64, r-oldrel-macos-x86_64, r-oldrel-windows-x86_64