CRAN Package Check Results for Package samplingbook

Last updated on 2021-09-23 08:51:20 CEST.

Flavor Version Tinstall Tcheck Ttotal Status Flags
r-devel-linux-x86_64-debian-clang 1.2.4 9.15 84.83 93.98 OK
r-devel-linux-x86_64-debian-gcc 1.2.4 7.80 66.68 74.48 OK
r-devel-linux-x86_64-fedora-clang 1.2.4 120.86 OK
r-devel-linux-x86_64-fedora-gcc 1.2.4 113.38 OK
r-devel-windows-x86_64 1.2.4 10.00 92.00 102.00 OK
r-devel-windows-x86_64-gcc10-UCRT 1.2.4 ERROR
r-patched-linux-x86_64 1.2.4 8.24 83.22 91.46 OK
r-patched-solaris-x86 1.2.4 163.30 OK
r-release-linux-x86_64 1.2.4 8.51 83.32 91.83 OK
r-release-macos-arm64 1.2.4 OK
r-release-macos-x86_64 1.2.4 OK
r-release-windows-ix86+x86_64 1.2.4 23.00 84.00 107.00 OK
r-oldrel-macos-x86_64 1.2.4 OK
r-oldrel-windows-ix86+x86_64 1.2.4 18.00 83.00 101.00 OK

Check Details

Version: 1.2.4
Check: PDF version of manual
Result: WARN
    LaTeX errors when creating PDF version.
    This typically indicates Rd problems.
Flavor: r-devel-windows-x86_64-gcc10-UCRT

Version: 1.2.4
Check: PDF version of manual without hyperrefs or index
Result: ERROR
    Re-running with no redirection of stdout/stderr.
Flavor: r-devel-windows-x86_64-gcc10-UCRT