CRAN Package Check Results for Package samr

Last updated on 2024-03-03 08:52:44 CET.

Flavor Version Tinstall Tcheck Ttotal Status Flags
r-devel-linux-x86_64-debian-clang 3.0 11.41 101.91 113.32 NOTE
r-devel-linux-x86_64-debian-gcc 3.0 9.10 76.09 85.19 NOTE
r-devel-linux-x86_64-fedora-clang 3.0 134.01 NOTE
r-devel-linux-x86_64-fedora-gcc 3.0 131.93 NOTE
r-devel-windows-x86_64 3.0 13.00 100.00 113.00 NOTE
r-patched-linux-x86_64 3.0 11.42 98.76 110.18 NOTE
r-release-linux-x86_64 3.0 6.86 99.16 106.02 NOTE
r-release-macos-arm64 3.0 47.00 NOTE
r-release-macos-x86_64 3.0 75.00 NOTE
r-release-windows-x86_64 3.0 17.00 114.00 131.00 NOTE
r-oldrel-macos-arm64 3.0 44.00 OK
r-oldrel-windows-x86_64 3.0 18.00 116.00 134.00 OK

Check Details

Version: 3.0
Check: Rd files
Result: NOTE checkRd: (-1) SAM.Rd:67: Escaped LaTeX specials: \$ checkRd: (-1) samr.Rd:59: Escaped LaTeX specials: \$ checkRd: (-1) samr.Rd:84: Escaped LaTeX specials: \# \$ checkRd: (-1) samr.Rd:88: Escaped LaTeX specials: \$ checkRd: (-1) samr.Rd:92: Escaped LaTeX specials: \$ checkRd: (-1) samr.Rd:97: Escaped LaTeX specials: \# checkRd: (-1) samr.assess.samplesize.plot.Rd:12: Escaped LaTeX specials: \# Flavors: r-devel-linux-x86_64-debian-clang, r-devel-linux-x86_64-debian-gcc, r-devel-linux-x86_64-fedora-clang, r-devel-linux-x86_64-fedora-gcc, r-devel-windows-x86_64, r-patched-linux-x86_64, r-release-linux-x86_64, r-release-macos-arm64, r-release-macos-x86_64, r-release-windows-x86_64