Last updated on 2023-05-31 13:00:54 CEST.
Flavor | Version | Tinstall | Tcheck | Ttotal | Status | Flags |
---|---|---|---|---|---|---|
r-devel-linux-x86_64-debian-clang | 0.9.1 | 22.53 | 171.05 | 193.58 | NOTE | |
r-devel-linux-x86_64-debian-gcc | 0.9.1 | 17.57 | 134.81 | 152.38 | NOTE | |
r-devel-linux-x86_64-fedora-clang | 0.9.1 | 248.20 | NOTE | |||
r-devel-linux-x86_64-fedora-gcc | 0.9.1 | 240.73 | NOTE | |||
r-devel-windows-x86_64 | 0.9.1 | 22.00 | 157.00 | 179.00 | NOTE | |
r-patched-linux-x86_64 | 0.9.1 | 20.19 | 164.42 | 184.61 | NOTE | |
r-release-linux-x86_64 | 0.9.1 | 20.87 | 164.42 | 185.29 | NOTE | |
r-release-macos-arm64 | 0.9.1 | 77.00 | NOTE | |||
r-release-macos-x86_64 | 0.9.1 | 163.00 | NOTE | |||
r-release-windows-x86_64 | 0.9.1 | 25.00 | 206.00 | 231.00 | NOTE | |
r-oldrel-macos-arm64 | 0.9.1 | 66.00 | OK | |||
r-oldrel-macos-x86_64 | 0.9.1 | 86.00 | OK | |||
r-oldrel-windows-x86_64 | 0.9.1 | 24.00 | 202.00 | 226.00 | OK |
Version: 0.9.1
Check: Rd \usage sections
Result: NOTE
S3 methods shown with full name in documentation object ‘santoku-cast’:
‘santoku_cast_common.default’ ‘santoku_cast_common.double’
‘santoku_cast_common.Date’ ‘santoku_cast_common.POSIXct’
‘santoku_cast_common.ts’ ‘santoku_cast_common.zoo’
‘santoku_cast_common.integer64’ ‘santoku_cast_common.hexmode’
‘santoku_cast_common.octmode’
The \usage entries for S3 methods should use the \method markup and not
their full name.
See chapter ‘Writing R documentation files’ in the ‘Writing R
Extensions’ manual.
Flavors: r-devel-linux-x86_64-debian-clang, r-devel-linux-x86_64-debian-gcc, r-devel-linux-x86_64-fedora-clang, r-devel-linux-x86_64-fedora-gcc, r-devel-windows-x86_64, r-patched-linux-x86_64, r-release-linux-x86_64, r-release-macos-arm64, r-release-macos-x86_64, r-release-windows-x86_64