Last updated on 2023-05-31 04:57:17 CEST.
Flavor | Version | Tinstall | Tcheck | Ttotal | Status | Flags |
---|---|---|---|---|---|---|
r-devel-linux-x86_64-debian-clang | 0.1.4 | 12.16 | 249.34 | 261.50 | OK | |
r-devel-linux-x86_64-debian-gcc | 0.1.4 | 8.18 | 183.36 | 191.54 | OK | |
r-devel-linux-x86_64-fedora-clang | 0.1.4 | 325.03 | NOTE | |||
r-devel-linux-x86_64-fedora-gcc | 0.1.4 | 315.54 | NOTE | |||
r-devel-windows-x86_64 | 0.1.4 | 12.00 | 207.00 | 219.00 | OK | |
r-patched-linux-x86_64 | 0.1.4 | 15.55 | 233.36 | 248.91 | OK | |
r-release-linux-x86_64 | 0.1.4 | 7.40 | 233.31 | 240.71 | OK | |
r-release-macos-arm64 | 0.1.4 | 90.00 | OK | |||
r-release-macos-x86_64 | 0.1.4 | 160.00 | OK | |||
r-release-windows-x86_64 | 0.1.4 | 15.00 | 252.00 | 267.00 | OK | |
r-oldrel-macos-arm64 | 0.1.4 | 76.00 | OK | |||
r-oldrel-macos-x86_64 | 0.1.4 | 109.00 | OK | |||
r-oldrel-windows-x86_64 | 0.1.4 | 16.00 | 238.00 | 254.00 | OK |
Version: 0.1.4
Check: data for non-ASCII characters
Result: NOTE
Note: found 4 marked UTF-8 strings
Flavors: r-devel-linux-x86_64-fedora-clang, r-devel-linux-x86_64-fedora-gcc