CRAN Package Check Results for Package sars

Last updated on 2024-03-02 08:49:31 CET.

Flavor Version Tinstall Tcheck Ttotal Status Flags
r-devel-linux-x86_64-debian-clang 1.3.6 13.86 406.78 420.64 NOTE
r-devel-linux-x86_64-debian-gcc 1.3.6 13.97 291.37 305.34 NOTE
r-devel-linux-x86_64-fedora-clang 1.3.6 441.29 NOTE
r-devel-linux-x86_64-fedora-gcc 1.3.6 495.89 NOTE
r-devel-windows-x86_64 1.3.6 16.00 278.00 294.00 OK
r-patched-linux-x86_64 1.3.6 15.89 400.11 416.00 OK
r-release-linux-x86_64 1.3.6 16.30 404.75 421.05 OK
r-release-macos-arm64 1.3.6 133.00 OK
r-release-macos-x86_64 1.3.6 190.00 OK
r-release-windows-x86_64 1.3.6 22.00 365.00 387.00 OK
r-oldrel-macos-arm64 1.3.6 119.00 OK
r-oldrel-windows-x86_64 1.3.6 21.00 361.00 382.00 OK

Check Details

Version: 1.3.6
Check: Rd files
Result: NOTE checkRd: (-1) plot.multi.Rd:144: Lost braces in \itemize; meant \describe ? checkRd: (-1) plot.multi.Rd:145: Lost braces in \itemize; meant \describe ? checkRd: (-1) plot.multi.Rd:146: Lost braces in \itemize; meant \describe ? checkRd: (-1) plot.multi.Rd:147: Lost braces in \itemize; meant \describe ? checkRd: (-1) plot.multi.Rd:148: Lost braces in \itemize; meant \describe ? checkRd: (-1) plot.multi.Rd:149: Lost braces in \itemize; meant \describe ? checkRd: (-1) plot.multi.Rd:150: Lost braces in \itemize; meant \describe ? checkRd: (-1) plot.multi.Rd:150-151: Lost braces in \itemize; meant \describe ? checkRd: (-1) plot.multi.Rd:151: Lost braces in \itemize; meant \describe ? checkRd: (-1) plot.multi.Rd:151-152: Lost braces in \itemize; meant \describe ? checkRd: (-1) plot.multi.Rd:152: Lost braces in \itemize; meant \describe ? checkRd: (-1) plot.multi.Rd:152-153: Lost braces in \itemize; meant \describe ? checkRd: (-1) plot.multi.Rd:153: Lost braces in \itemize; meant \describe ? checkRd: (-1) plot.multi.Rd:154: Lost braces in \itemize; meant \describe ? checkRd: (-1) plot.multi.Rd:154-155: Lost braces in \itemize; meant \describe ? checkRd: (-1) sar_asymp.Rd:40: Lost braces in \itemize; \value handles \item{}{} directly checkRd: (-1) sar_asymp.Rd:41: Lost braces in \itemize; \value handles \item{}{} directly checkRd: (-1) sar_asymp.Rd:42: Lost braces in \itemize; \value handles \item{}{} directly checkRd: (-1) sar_asymp.Rd:43: Lost braces in \itemize; \value handles \item{}{} directly checkRd: (-1) sar_asymp.Rd:44: Lost braces in \itemize; \value handles \item{}{} directly checkRd: (-1) sar_asymp.Rd:45: Lost braces in \itemize; \value handles \item{}{} directly checkRd: (-1) sar_asymp.Rd:46: Lost braces in \itemize; \value handles \item{}{} directly checkRd: (-1) sar_asymp.Rd:47: Lost braces in \itemize; \value handles \item{}{} directly checkRd: (-1) sar_asymp.Rd:48: Lost braces in \itemize; \value handles \item{}{} directly checkRd: (-1) sar_asymp.Rd:49: Lost braces in \itemize; \value handles \item{}{} directly checkRd: (-1) sar_asymp.Rd:50: Lost braces in \itemize; \value handles \item{}{} directly checkRd: (-1) sar_asymp.Rd:51: Lost braces in \itemize; \value handles \item{}{} directly checkRd: (-1) sar_asymp.Rd:52: Lost braces in \itemize; \value handles \item{}{} directly checkRd: (-1) sar_asymp.Rd:53: Lost braces in \itemize; \value handles \item{}{} directly checkRd: (-1) sar_asymp.Rd:54: Lost braces in \itemize; \value handles \item{}{} directly checkRd: (-1) sar_asymp.Rd:55: Lost braces in \itemize; \value handles \item{}{} directly checkRd: (-1) sar_asymp.Rd:56: Lost braces in \itemize; \value handles \item{}{} directly checkRd: (-1) sar_asymp.Rd:57: Lost braces in \itemize; \value handles \item{}{} directly checkRd: (-1) sar_asymp.Rd:58: Lost braces in \itemize; \value handles \item{}{} directly checkRd: (-1) sar_asymp.Rd:59: Lost braces in \itemize; \value handles \item{}{} directly checkRd: (-1) sar_asymp.Rd:60: Lost braces in \itemize; \value handles \item{}{} directly checkRd: (-1) sar_asymp.Rd:61: Lost braces in \itemize; \value handles \item{}{} directly checkRd: (-1) sar_asymp.Rd:62: Lost braces in \itemize; \value handles \item{}{} directly checkRd: (-1) sar_average.Rd:81-82: Lost braces in \itemize; \value handles \item{}{} directly checkRd: (-1) sar_average.Rd:82-83: Lost braces in \itemize; \value handles \item{}{} directly checkRd: (-1) sar_average.Rd:83-84: Lost braces in \itemize; \value handles \item{}{} directly checkRd: (-1) sar_average.Rd:84: Lost braces in \itemize; \value handles \item{}{} directly checkRd: (-1) sar_average.Rd:85: Lost braces in \itemize; \value handles \item{}{} directly checkRd: (-1) sar_average.Rd:86-87: Lost braces in \itemize; \value handles \item{}{} directly checkRd: (-1) sar_average.Rd:87-88: Lost braces in \itemize; \value handles \item{}{} directly checkRd: (-1) sar_average.Rd:88-89: Lost braces in \itemize; \value handles \item{}{} directly checkRd: (-1) sar_average.Rd:89-90: Lost braces in \itemize; \value handles \item{}{} directly checkRd: (-1) sar_average.Rd:90-91: Lost braces in \itemize; \value handles \item{}{} directly checkRd: (-1) sar_average.Rd:91: Lost braces in \itemize; \value handles \item{}{} directly checkRd: (-1) sar_average.Rd:91-92: Lost braces in \itemize; \value handles \item{}{} directly checkRd: (-1) sar_average.Rd:92-93: Lost braces in \itemize; \value handles \item{}{} directly checkRd: (-1) sar_average.Rd:94-95: Lost braces in \itemize; \value handles \item{}{} directly checkRd: (-1) sar_betap.Rd:40: Lost braces in \itemize; \value handles \item{}{} directly checkRd: (-1) sar_betap.Rd:41: Lost braces in \itemize; \value handles \item{}{} directly checkRd: (-1) sar_betap.Rd:42: Lost braces in \itemize; \value handles \item{}{} directly checkRd: (-1) sar_betap.Rd:43: Lost braces in \itemize; \value handles \item{}{} directly checkRd: (-1) sar_betap.Rd:44: Lost braces in \itemize; \value handles \item{}{} directly checkRd: (-1) sar_betap.Rd:45: Lost braces in \itemize; \value handles \item{}{} directly checkRd: (-1) sar_betap.Rd:46: Lost braces in \itemize; \value handles \item{}{} directly checkRd: (-1) sar_betap.Rd:47: Lost braces in \itemize; \value handles \item{}{} directly checkRd: (-1) sar_betap.Rd:48: Lost braces in \itemize; \value handles \item{}{} directly checkRd: (-1) sar_betap.Rd:49: Lost braces in \itemize; \value handles \item{}{} directly checkRd: (-1) sar_betap.Rd:50: Lost braces in \itemize; \value handles \item{}{} directly checkRd: (-1) sar_betap.Rd:51: Lost braces in \itemize; \value handles \item{}{} directly checkRd: (-1) sar_betap.Rd:52: Lost braces in \itemize; \value handles \item{}{} directly checkRd: (-1) sar_betap.Rd:53: Lost braces in \itemize; \value handles \item{}{} directly checkRd: (-1) sar_betap.Rd:54: Lost braces in \itemize; \value handles \item{}{} directly checkRd: (-1) sar_betap.Rd:55: Lost braces in \itemize; \value handles \item{}{} directly checkRd: (-1) sar_betap.Rd:56: Lost braces in \itemize; \value handles \item{}{} directly checkRd: (-1) sar_betap.Rd:57: Lost braces in \itemize; \value handles \item{}{} directly checkRd: (-1) sar_betap.Rd:58: Lost braces in \itemize; \value handles \item{}{} directly checkRd: (-1) sar_betap.Rd:59: Lost braces in \itemize; \value handles \item{}{} directly checkRd: (-1) sar_betap.Rd:60: Lost braces in \itemize; \value handles \item{}{} directly checkRd: (-1) sar_betap.Rd:61: Lost braces in \itemize; \value handles \item{}{} directly checkRd: (-1) sar_betap.Rd:62: Lost braces in \itemize; \value handles \item{}{} directly checkRd: (-1) sar_chapman.Rd:40: Lost braces in \itemize; \value handles \item{}{} directly checkRd: (-1) sar_chapman.Rd:41: Lost braces in \itemize; \value handles \item{}{} directly checkRd: (-1) sar_chapman.Rd:42: Lost braces in \itemize; \value handles \item{}{} directly checkRd: (-1) sar_chapman.Rd:43: Lost braces in \itemize; \value handles \item{}{} directly checkRd: (-1) sar_chapman.Rd:44: Lost braces in \itemize; \value handles \item{}{} directly checkRd: (-1) sar_chapman.Rd:45: Lost braces in \itemize; \value handles \item{}{} directly checkRd: (-1) sar_chapman.Rd:46: Lost braces in \itemize; \value handles \item{}{} directly checkRd: (-1) sar_chapman.Rd:47: Lost braces in \itemize; \value handles \item{}{} directly checkRd: (-1) sar_chapman.Rd:48: Lost braces in \itemize; \value handles \item{}{} directly checkRd: (-1) sar_chapman.Rd:49: Lost braces in \itemize; \value handles \item{}{} directly checkRd: (-1) sar_chapman.Rd:50: Lost braces in \itemize; \value handles \item{}{} directly checkRd: (-1) sar_chapman.Rd:51: Lost braces in \itemize; \value handles \item{}{} directly checkRd: (-1) sar_chapman.Rd:52: Lost braces in \itemize; \value handles \item{}{} directly checkRd: (-1) sar_chapman.Rd:53: Lost braces in \itemize; \value handles \item{}{} directly checkRd: (-1) sar_chapman.Rd:54: Lost braces in \itemize; \value handles \item{}{} directly checkRd: (-1) sar_chapman.Rd:55: Lost braces in \itemize; \value handles \item{}{} directly checkRd: (-1) sar_chapman.Rd:56: Lost braces in \itemize; \value handles \item{}{} directly checkRd: (-1) sar_chapman.Rd:57: Lost braces in \itemize; \value handles \item{}{} directly checkRd: (-1) sar_chapman.Rd:58: Lost braces in \itemize; \value handles \item{}{} directly checkRd: (-1) sar_chapman.Rd:59: Lost braces in \itemize; \value handles \item{}{} directly checkRd: (-1) sar_chapman.Rd:60: Lost braces in \itemize; \value handles \item{}{} directly checkRd: (-1) sar_chapman.Rd:61: Lost braces in \itemize; \value handles \item{}{} directly checkRd: (-1) sar_chapman.Rd:62: Lost braces in \itemize; \value handles \item{}{} directly checkRd: (-1) sar_epm1.Rd:40: Lost braces in \itemize; \value handles \item{}{} directly checkRd: (-1) sar_epm1.Rd:41: Lost braces in \itemize; \value handles \item{}{} directly checkRd: (-1) sar_epm1.Rd:42: Lost braces in \itemize; \value handles \item{}{} directly checkRd: (-1) sar_epm1.Rd:43: Lost braces in \itemize; \value handles \item{}{} directly checkRd: (-1) sar_epm1.Rd:44: Lost braces in \itemize; \value handles \item{}{} directly checkRd: (-1) sar_epm1.Rd:45: Lost braces in \itemize; \value handles \item{}{} directly checkRd: (-1) sar_epm1.Rd:46: Lost braces in \itemize; \value handles \item{}{} directly checkRd: (-1) sar_epm1.Rd:47: Lost braces in \itemize; \value handles \item{}{} directly checkRd: (-1) sar_epm1.Rd:48: Lost braces in \itemize; \value handles \item{}{} directly checkRd: (-1) sar_epm1.Rd:49: Lost braces in \itemize; \value handles \item{}{} directly checkRd: (-1) sar_epm1.Rd:50: Lost braces in \itemize; \value handles \item{}{} directly checkRd: (-1) sar_epm1.Rd:51: Lost braces in \itemize; \value handles \item{}{} directly checkRd: (-1) sar_epm1.Rd:52: Lost braces in \itemize; \value handles \item{}{} directly checkRd: (-1) sar_epm1.Rd:53: Lost braces in \itemize; \value handles \item{}{} directly checkRd: (-1) sar_epm1.Rd:54: Lost braces in \itemize; \value handles \item{}{} directly checkRd: (-1) sar_epm1.Rd:55: Lost braces in \itemize; \value handles \item{}{} directly checkRd: (-1) sar_epm1.Rd:56: Lost braces in \itemize; \value handles \item{}{} directly checkRd: (-1) sar_epm1.Rd:57: Lost braces in \itemize; \value handles \item{}{} directly checkRd: (-1) sar_epm1.Rd:58: Lost braces in \itemize; \value handles \item{}{} directly checkRd: (-1) sar_epm1.Rd:59: Lost braces in \itemize; \value handles \item{}{} directly checkRd: (-1) sar_epm1.Rd:60: Lost braces in \itemize; \value handles \item{}{} directly checkRd: (-1) sar_epm1.Rd:61: Lost braces in \itemize; \value handles \item{}{} directly checkRd: (-1) sar_epm1.Rd:62: Lost braces in \itemize; \value handles \item{}{} directly checkRd: (-1) sar_epm2.Rd:40: Lost braces in \itemize; \value handles \item{}{} directly checkRd: (-1) sar_epm2.Rd:41: Lost braces in \itemize; \value handles \item{}{} directly checkRd: (-1) sar_epm2.Rd:42: Lost braces in \itemize; \value handles \item{}{} directly checkRd: (-1) sar_epm2.Rd:43: Lost braces in \itemize; \value handles \item{}{} directly checkRd: (-1) sar_epm2.Rd:44: Lost braces in \itemize; \value handles \item{}{} directly checkRd: (-1) sar_epm2.Rd:45: Lost braces in \itemize; \value handles \item{}{} directly checkRd: (-1) sar_epm2.Rd:46: Lost braces in \itemize; \value handles \item{}{} directly checkRd: (-1) sar_epm2.Rd:47: Lost braces in \itemize; \value handles \item{}{} directly checkRd: (-1) sar_epm2.Rd:48: Lost braces in \itemize; \value handles \item{}{} directly checkRd: (-1) sar_epm2.Rd:49: Lost braces in \itemize; \value handles \item{}{} directly checkRd: (-1) sar_epm2.Rd:50: Lost braces in \itemize; \value handles \item{}{} directly checkRd: (-1) sar_epm2.Rd:51: Lost braces in \itemize; \value handles \item{}{} directly checkRd: (-1) sar_epm2.Rd:52: Lost braces in \itemize; \value handles \item{}{} directly checkRd: (-1) sar_epm2.Rd:53: Lost braces in \itemize; \value handles \item{}{} directly checkRd: (-1) sar_epm2.Rd:54: Lost braces in \itemize; \value handles \item{}{} directly checkRd: (-1) sar_epm2.Rd:55: Lost braces in \itemize; \value handles \item{}{} directly checkRd: (-1) sar_epm2.Rd:56: Lost braces in \itemize; \value handles \item{}{} directly checkRd: (-1) sar_epm2.Rd:57: Lost braces in \itemize; \value handles \item{}{} directly checkRd: (-1) sar_epm2.Rd:58: Lost braces in \itemize; \value handles \item{}{} directly checkRd: (-1) sar_epm2.Rd:59: Lost braces in \itemize; \value handles \item{}{} directly checkRd: (-1) sar_epm2.Rd:60: Lost braces in \itemize; \value handles \item{}{} directly checkRd: (-1) sar_epm2.Rd:61: Lost braces in \itemize; \value handles \item{}{} directly checkRd: (-1) sar_epm2.Rd:62: Lost braces in \itemize; \value handles \item{}{} directly checkRd: (-1) sar_gompertz.Rd:40: Lost braces in \itemize; \value handles \item{}{} directly checkRd: (-1) sar_gompertz.Rd:41: Lost braces in \itemize; \value handles \item{}{} directly checkRd: (-1) sar_gompertz.Rd:42: Lost braces in \itemize; \value handles \item{}{} directly checkRd: (-1) sar_gompertz.Rd:43: Lost braces in \itemize; \value handles \item{}{} directly checkRd: (-1) sar_gompertz.Rd:44: Lost braces in \itemize; \value handles \item{}{} directly checkRd: (-1) sar_gompertz.Rd:45: Lost braces in \itemize; \value handles \item{}{} directly checkRd: (-1) sar_gompertz.Rd:46: Lost braces in \itemize; \value handles \item{}{} directly checkRd: (-1) sar_gompertz.Rd:47: Lost braces in \itemize; \value handles \item{}{} directly checkRd: (-1) sar_gompertz.Rd:48: Lost braces in \itemize; \value handles \item{}{} directly checkRd: (-1) sar_gompertz.Rd:49: Lost braces in \itemize; \value handles \item{}{} directly checkRd: (-1) sar_gompertz.Rd:50: Lost braces in \itemize; \value handles \item{}{} directly checkRd: (-1) sar_gompertz.Rd:51: Lost braces in \itemize; \value handles \item{}{} directly checkRd: (-1) sar_gompertz.Rd:52: Lost braces in \itemize; \value handles \item{}{} directly checkRd: (-1) sar_gompertz.Rd:53: Lost braces in \itemize; \value handles \item{}{} directly checkRd: (-1) sar_gompertz.Rd:54: Lost braces in \itemize; \value handles \item{}{} directly checkRd: (-1) sar_gompertz.Rd:55: Lost braces in \itemize; \value handles \item{}{} directly checkRd: (-1) sar_gompertz.Rd:56: Lost braces in \itemize; \value handles \item{}{} directly checkRd: (-1) sar_gompertz.Rd:57: Lost braces in \itemize; \value handles \item{}{} directly checkRd: (-1) sar_gompertz.Rd:58: Lost braces in \itemize; \value handles \item{}{} directly checkRd: (-1) sar_gompertz.Rd:59: Lost braces in \itemize; \value handles \item{}{} directly checkRd: (-1) sar_gompertz.Rd:60: Lost braces in \itemize; \value handles \item{}{} directly checkRd: (-1) sar_gompertz.Rd:61: Lost braces in \itemize; \value handles \item{}{} directly checkRd: (-1) sar_gompertz.Rd:62: Lost braces in \itemize; \value handles \item{}{} directly checkRd: (-1) sar_heleg.Rd:40: Lost braces in \itemize; \value handles \item{}{} directly checkRd: (-1) sar_heleg.Rd:41: Lost braces in \itemize; \value handles \item{}{} directly checkRd: (-1) sar_heleg.Rd:42: Lost braces in \itemize; \value handles \item{}{} directly checkRd: (-1) sar_heleg.Rd:43: Lost braces in \itemize; \value handles \item{}{} directly checkRd: (-1) sar_heleg.Rd:44: Lost braces in \itemize; \value handles \item{}{} directly checkRd: (-1) sar_heleg.Rd:45: Lost braces in \itemize; \value handles \item{}{} directly checkRd: (-1) sar_heleg.Rd:46: Lost braces in \itemize; \value handles \item{}{} directly checkRd: (-1) sar_heleg.Rd:47: Lost braces in \itemize; \value handles \item{}{} directly checkRd: (-1) sar_heleg.Rd:48: Lost braces in \itemize; \value handles \item{}{} directly checkRd: (-1) sar_heleg.Rd:49: Lost braces in \itemize; \value handles \item{}{} directly checkRd: (-1) sar_heleg.Rd:50: Lost braces in \itemize; \value handles \item{}{} directly checkRd: (-1) sar_heleg.Rd:51: Lost braces in \itemize; \value handles \item{}{} directly checkRd: (-1) sar_heleg.Rd:52: Lost braces in \itemize; \value handles \item{}{} directly checkRd: (-1) sar_heleg.Rd:53: Lost braces in \itemize; \value handles \item{}{} directly checkRd: (-1) sar_heleg.Rd:54: Lost braces in \itemize; \value handles \item{}{} directly checkRd: (-1) sar_heleg.Rd:55: Lost braces in \itemize; \value handles \item{}{} directly checkRd: (-1) sar_heleg.Rd:56: Lost braces in \itemize; \value handles \item{}{} directly checkRd: (-1) sar_heleg.Rd:57: Lost braces in \itemize; \value handles \item{}{} directly checkRd: (-1) sar_heleg.Rd:58: Lost braces in \itemize; \value handles \item{}{} directly checkRd: (-1) sar_heleg.Rd:59: Lost braces in \itemize; \value handles \item{}{} directly checkRd: (-1) sar_heleg.Rd:60: Lost braces in \itemize; \value handles \item{}{} directly checkRd: (-1) sar_heleg.Rd:61: Lost braces in \itemize; \value handles \item{}{} directly checkRd: (-1) sar_heleg.Rd:62: Lost braces in \itemize; \value handles \item{}{} directly checkRd: (-1) sar_koba.Rd:40: Lost braces in \itemize; \value handles \item{}{} directly checkRd: (-1) sar_koba.Rd:41: Lost braces in \itemize; \value handles \item{}{} directly checkRd: (-1) sar_koba.Rd:42: Lost braces in \itemize; \value handles \item{}{} directly checkRd: (-1) sar_koba.Rd:43: Lost braces in \itemize; \value handles \item{}{} directly checkRd: (-1) sar_koba.Rd:44: Lost braces in \itemize; \value handles \item{}{} directly checkRd: (-1) sar_koba.Rd:45: Lost braces in \itemize; \value handles \item{}{} directly checkRd: (-1) sar_koba.Rd:46: Lost braces in \itemize; \value handles \item{}{} directly checkRd: (-1) sar_koba.Rd:47: Lost braces in \itemize; \value handles \item{}{} directly checkRd: (-1) sar_koba.Rd:48: Lost braces in \itemize; \value handles \item{}{} directly checkRd: (-1) sar_koba.Rd:49: Lost braces in \itemize; \value handles \item{}{} directly checkRd: (-1) sar_koba.Rd:50: Lost braces in \itemize; \value handles \item{}{} directly checkRd: (-1) sar_koba.Rd:51: Lost braces in \itemize; \value handles \item{}{} directly checkRd: (-1) sar_koba.Rd:52: Lost braces in \itemize; \value handles \item{}{} directly checkRd: (-1) sar_koba.Rd:53: Lost braces in \itemize; \value handles \item{}{} directly checkRd: (-1) sar_koba.Rd:54: Lost braces in \itemize; \value handles \item{}{} directly checkRd: (-1) sar_koba.Rd:55: Lost braces in \itemize; \value handles \item{}{} directly checkRd: (-1) sar_koba.Rd:56: Lost braces in \itemize; \value handles \item{}{} directly checkRd: (-1) sar_koba.Rd:57: Lost braces in \itemize; \value handles \item{}{} directly checkRd: (-1) sar_koba.Rd:58: Lost braces in \itemize; \value handles \item{}{} directly checkRd: (-1) sar_koba.Rd:59: Lost braces in \itemize; \value handles \item{}{} directly checkRd: (-1) sar_koba.Rd:60: Lost braces in \itemize; \value handles \item{}{} directly checkRd: (-1) sar_koba.Rd:61: Lost braces in \itemize; \value handles \item{}{} directly checkRd: (-1) sar_koba.Rd:62: Lost braces in \itemize; \value handles \item{}{} directly checkRd: (-1) sar_linear.Rd:33: Lost braces in \itemize; \value handles \item{}{} directly checkRd: (-1) sar_linear.Rd:33-34: Lost braces in \itemize; \value handles \item{}{} directly checkRd: (-1) sar_linear.Rd:34: Lost braces in \itemize; \value handles \item{}{} directly checkRd: (-1) sar_linear.Rd:35: Lost braces in \itemize; \value handles \item{}{} directly checkRd: (-1) sar_linear.Rd:35-36: Lost braces in \itemize; \value handles \item{}{} directly checkRd: (-1) sar_linear.Rd:36-37: Lost braces in \itemize; \value handles \item{}{} directly checkRd: (-1) sar_linear.Rd:37: Lost braces in \itemize; \value handles \item{}{} directly checkRd: (-1) sar_linear.Rd:38: Lost braces in \itemize; \value handles \item{}{} directly checkRd: (-1) sar_linear.Rd:39: Lost braces in \itemize; \value handles \item{}{} directly checkRd: (-1) sar_linear.Rd:39-40: Lost braces in \itemize; \value handles \item{}{} directly checkRd: (-1) sar_linear.Rd:40: Lost braces in \itemize; \value handles \item{}{} directly checkRd: (-1) sar_linear.Rd:40-41: Lost braces in \itemize; \value handles \item{}{} directly checkRd: (-1) sar_linear.Rd:41-42: Lost braces in \itemize; \value handles \item{}{} directly checkRd: (-1) sar_linear.Rd:42-43: Lost braces in \itemize; \value handles \item{}{} directly checkRd: (-1) sar_linear.Rd:43-44: Lost braces in \itemize; \value handles \item{}{} directly checkRd: (-1) sar_linear.Rd:44-45: Lost braces in \itemize; \value handles \item{}{} directly checkRd: (-1) sar_linear.Rd:45-46: Lost braces in \itemize; \value handles \item{}{} directly checkRd: (-1) sar_loga.Rd:40: Lost braces in \itemize; \value handles \item{}{} directly checkRd: (-1) sar_loga.Rd:41: Lost braces in \itemize; \value handles \item{}{} directly checkRd: (-1) sar_loga.Rd:42: Lost braces in \itemize; \value handles \item{}{} directly checkRd: (-1) sar_loga.Rd:43: Lost braces in \itemize; \value handles \item{}{} directly checkRd: (-1) sar_loga.Rd:44: Lost braces in \itemize; \value handles \item{}{} directly checkRd: (-1) sar_loga.Rd:45: Lost braces in \itemize; \value handles \item{}{} directly checkRd: (-1) sar_loga.Rd:46: Lost braces in \itemize; \value handles \item{}{} directly checkRd: (-1) sar_loga.Rd:47: Lost braces in \itemize; \value handles \item{}{} directly checkRd: (-1) sar_loga.Rd:48: Lost braces in \itemize; \value handles \item{}{} directly checkRd: (-1) sar_loga.Rd:49: Lost braces in \itemize; \value handles \item{}{} directly checkRd: (-1) sar_loga.Rd:50: Lost braces in \itemize; \value handles \item{}{} directly checkRd: (-1) sar_loga.Rd:51: Lost braces in \itemize; \value handles \item{}{} directly checkRd: (-1) sar_loga.Rd:52: Lost braces in \itemize; \value handles \item{}{} directly checkRd: (-1) sar_loga.Rd:53: Lost braces in \itemize; \value handles \item{}{} directly checkRd: (-1) sar_loga.Rd:54: Lost braces in \itemize; \value handles \item{}{} directly checkRd: (-1) sar_loga.Rd:55: Lost braces in \itemize; \value handles \item{}{} directly checkRd: (-1) sar_loga.Rd:56: Lost braces in \itemize; \value handles \item{}{} directly checkRd: (-1) sar_loga.Rd:57: Lost braces in \itemize; \value handles \item{}{} directly checkRd: (-1) sar_loga.Rd:58: Lost braces in \itemize; \value handles \item{}{} directly checkRd: (-1) sar_loga.Rd:59: Lost braces in \itemize; \value handles \item{}{} directly checkRd: (-1) sar_loga.Rd:60: Lost braces in \itemize; \value handles \item{}{} directly checkRd: (-1) sar_loga.Rd:61: Lost braces in \itemize; \value handles \item{}{} directly checkRd: (-1) sar_loga.Rd:62: Lost braces in \itemize; \value handles \item{}{} directly checkRd: (-1) sar_logistic.Rd:40: Lost braces in \itemize; \value handles \item{}{} directly checkRd: (-1) sar_logistic.Rd:41: Lost braces in \itemize; \value handles \item{}{} directly checkRd: (-1) sar_logistic.Rd:42: Lost braces in \itemize; \value handles \item{}{} directly checkRd: (-1) sar_logistic.Rd:43: Lost braces in \itemize; \value handles \item{}{} directly checkRd: (-1) sar_logistic.Rd:44: Lost braces in \itemize; \value handles \item{}{} directly checkRd: (-1) sar_logistic.Rd:45: Lost braces in \itemize; \value handles \item{}{} directly checkRd: (-1) sar_logistic.Rd:46: Lost braces in \itemize; \value handles \item{}{} directly checkRd: (-1) sar_logistic.Rd:47: Lost braces in \itemize; \value handles \item{}{} directly checkRd: (-1) sar_logistic.Rd:48: Lost braces in \itemize; \value handles \item{}{} directly checkRd: (-1) sar_logistic.Rd:49: Lost braces in \itemize; \value handles \item{}{} directly checkRd: (-1) sar_logistic.Rd:50: Lost braces in \itemize; \value handles \item{}{} directly checkRd: (-1) sar_logistic.Rd:51: Lost braces in \itemize; \value handles \item{}{} directly checkRd: (-1) sar_logistic.Rd:52: Lost braces in \itemize; \value handles \item{}{} directly checkRd: (-1) sar_logistic.Rd:53: Lost braces in \itemize; \value handles \item{}{} directly checkRd: (-1) sar_logistic.Rd:54: Lost braces in \itemize; \value handles \item{}{} directly checkRd: (-1) sar_logistic.Rd:55: Lost braces in \itemize; \value handles \item{}{} directly checkRd: (-1) sar_logistic.Rd:56: Lost braces in \itemize; \value handles \item{}{} directly checkRd: (-1) sar_logistic.Rd:57: Lost braces in \itemize; \value handles \item{}{} directly checkRd: (-1) sar_logistic.Rd:58: Lost braces in \itemize; \value handles \item{}{} directly checkRd: (-1) sar_logistic.Rd:59: Lost braces in \itemize; \value handles \item{}{} directly checkRd: (-1) sar_logistic.Rd:60: Lost braces in \itemize; \value handles \item{}{} directly checkRd: (-1) sar_logistic.Rd:61: Lost braces in \itemize; \value handles \item{}{} directly checkRd: (-1) sar_logistic.Rd:62: Lost braces in \itemize; \value handles \item{}{} directly checkRd: (-1) sar_mmf.Rd:40: Lost braces in \itemize; \value handles \item{}{} directly checkRd: (-1) sar_mmf.Rd:41: Lost braces in \itemize; \value handles \item{}{} directly checkRd: (-1) sar_mmf.Rd:42: Lost braces in \itemize; \value handles \item{}{} directly checkRd: (-1) sar_mmf.Rd:43: Lost braces in \itemize; \value handles \item{}{} directly checkRd: (-1) sar_mmf.Rd:44: Lost braces in \itemize; \value handles \item{}{} directly checkRd: (-1) sar_mmf.Rd:45: Lost braces in \itemize; \value handles \item{}{} directly checkRd: (-1) sar_mmf.Rd:46: Lost braces in \itemize; \value handles \item{}{} directly checkRd: (-1) sar_mmf.Rd:47: Lost braces in \itemize; \value handles \item{}{} directly checkRd: (-1) sar_mmf.Rd:48: Lost braces in \itemize; \value handles \item{}{} directly checkRd: (-1) sar_mmf.Rd:49: Lost braces in \itemize; \value handles \item{}{} directly checkRd: (-1) sar_mmf.Rd:50: Lost braces in \itemize; \value handles \item{}{} directly checkRd: (-1) sar_mmf.Rd:51: Lost braces in \itemize; \value handles \item{}{} directly checkRd: (-1) sar_mmf.Rd:52: Lost braces in \itemize; \value handles \item{}{} directly checkRd: (-1) sar_mmf.Rd:53: Lost braces in \itemize; \value handles \item{}{} directly checkRd: (-1) sar_mmf.Rd:54: Lost braces in \itemize; \value handles \item{}{} directly checkRd: (-1) sar_mmf.Rd:55: Lost braces in \itemize; \value handles \item{}{} directly checkRd: (-1) sar_mmf.Rd:56: Lost braces in \itemize; \value handles \item{}{} directly checkRd: (-1) sar_mmf.Rd:57: Lost braces in \itemize; \value handles \item{}{} directly checkRd: (-1) sar_mmf.Rd:58: Lost braces in \itemize; \value handles \item{}{} directly checkRd: (-1) sar_mmf.Rd:59: Lost braces in \itemize; \value handles \item{}{} directly checkRd: (-1) sar_mmf.Rd:60: Lost braces in \itemize; \value handles \item{}{} directly checkRd: (-1) sar_mmf.Rd:61: Lost braces in \itemize; \value handles \item{}{} directly checkRd: (-1) sar_mmf.Rd:62: Lost braces in \itemize; \value handles \item{}{} directly checkRd: (-1) sar_monod.Rd:40: Lost braces in \itemize; \value handles \item{}{} directly checkRd: (-1) sar_monod.Rd:41: Lost braces in \itemize; \value handles \item{}{} directly checkRd: (-1) sar_monod.Rd:42: Lost braces in \itemize; \value handles \item{}{} directly checkRd: (-1) sar_monod.Rd:43: Lost braces in \itemize; \value handles \item{}{} directly checkRd: (-1) sar_monod.Rd:44: Lost braces in \itemize; \value handles \item{}{} directly checkRd: (-1) sar_monod.Rd:45: Lost braces in \itemize; \value handles \item{}{} directly checkRd: (-1) sar_monod.Rd:46: Lost braces in \itemize; \value handles \item{}{} directly checkRd: (-1) sar_monod.Rd:47: Lost braces in \itemize; \value handles \item{}{} directly checkRd: (-1) sar_monod.Rd:48: Lost braces in \itemize; \value handles \item{}{} directly checkRd: (-1) sar_monod.Rd:49: Lost braces in \itemize; \value handles \item{}{} directly checkRd: (-1) sar_monod.Rd:50: Lost braces in \itemize; \value handles \item{}{} directly checkRd: (-1) sar_monod.Rd:51: Lost braces in \itemize; \value handles \item{}{} directly checkRd: (-1) sar_monod.Rd:52: Lost braces in \itemize; \value handles \item{}{} directly checkRd: (-1) sar_monod.Rd:53: Lost braces in \itemize; \value handles \item{}{} directly checkRd: (-1) sar_monod.Rd:54: Lost braces in \itemize; \value handles \item{}{} directly checkRd: (-1) sar_monod.Rd:55: Lost braces in \itemize; \value handles \item{}{} directly checkRd: (-1) sar_monod.Rd:56: Lost braces in \itemize; \value handles \item{}{} directly checkRd: (-1) sar_monod.Rd:57: Lost braces in \itemize; \value handles \item{}{} directly checkRd: (-1) sar_monod.Rd:58: Lost braces in \itemize; \value handles \item{}{} directly checkRd: (-1) sar_monod.Rd:59: Lost braces in \itemize; \value handles \item{}{} directly checkRd: (-1) sar_monod.Rd:60: Lost braces in \itemize; \value handles \item{}{} directly checkRd: (-1) sar_monod.Rd:61: Lost braces in \itemize; \value handles \item{}{} directly checkRd: (-1) sar_monod.Rd:62: Lost braces in \itemize; \value handles \item{}{} directly checkRd: (-1) sar_negexpo.Rd:40: Lost braces in \itemize; \value handles \item{}{} directly checkRd: (-1) sar_negexpo.Rd:41: Lost braces in \itemize; \value handles \item{}{} directly checkRd: (-1) sar_negexpo.Rd:42: Lost braces in \itemize; \value handles \item{}{} directly checkRd: (-1) sar_negexpo.Rd:43: Lost braces in \itemize; \value handles \item{}{} directly checkRd: (-1) sar_negexpo.Rd:44: Lost braces in \itemize; \value handles \item{}{} directly checkRd: (-1) sar_negexpo.Rd:45: Lost braces in \itemize; \value handles \item{}{} directly checkRd: (-1) sar_negexpo.Rd:46: Lost braces in \itemize; \value handles \item{}{} directly checkRd: (-1) sar_negexpo.Rd:47: Lost braces in \itemize; \value handles \item{}{} directly checkRd: (-1) sar_negexpo.Rd:48: Lost braces in \itemize; \value handles \item{}{} directly checkRd: (-1) sar_negexpo.Rd:49: Lost braces in \itemize; \value handles \item{}{} directly checkRd: (-1) sar_negexpo.Rd:50: Lost braces in \itemize; \value handles \item{}{} directly checkRd: (-1) sar_negexpo.Rd:51: Lost braces in \itemize; \value handles \item{}{} directly checkRd: (-1) sar_negexpo.Rd:52: Lost braces in \itemize; \value handles \item{}{} directly checkRd: (-1) sar_negexpo.Rd:53: Lost braces in \itemize; \value handles \item{}{} directly checkRd: (-1) sar_negexpo.Rd:54: Lost braces in \itemize; \value handles \item{}{} directly checkRd: (-1) sar_negexpo.Rd:55: Lost braces in \itemize; \value handles \item{}{} directly checkRd: (-1) sar_negexpo.Rd:56: Lost braces in \itemize; \value handles \item{}{} directly checkRd: (-1) sar_negexpo.Rd:57: Lost braces in \itemize; \value handles \item{}{} directly checkRd: (-1) sar_negexpo.Rd:58: Lost braces in \itemize; \value handles \item{}{} directly checkRd: (-1) sar_negexpo.Rd:59: Lost braces in \itemize; \value handles \item{}{} directly checkRd: (-1) sar_negexpo.Rd:60: Lost braces in \itemize; \value handles \item{}{} directly checkRd: (-1) sar_negexpo.Rd:61: Lost braces in \itemize; \value handles \item{}{} directly checkRd: (-1) sar_negexpo.Rd:62: Lost braces in \itemize; \value handles \item{}{} directly checkRd: (-1) sar_p1.Rd:40: Lost braces in \itemize; \value handles \item{}{} directly checkRd: (-1) sar_p1.Rd:41: Lost braces in \itemize; \value handles \item{}{} directly checkRd: (-1) sar_p1.Rd:42: Lost braces in \itemize; \value handles \item{}{} directly checkRd: (-1) sar_p1.Rd:43: Lost braces in \itemize; \value handles \item{}{} directly checkRd: (-1) sar_p1.Rd:44: Lost braces in \itemize; \value handles \item{}{} directly checkRd: (-1) sar_p1.Rd:45: Lost braces in \itemize; \value handles \item{}{} directly checkRd: (-1) sar_p1.Rd:46: Lost braces in \itemize; \value handles \item{}{} directly checkRd: (-1) sar_p1.Rd:47: Lost braces in \itemize; \value handles \item{}{} directly checkRd: (-1) sar_p1.Rd:48: Lost braces in \itemize; \value handles \item{}{} directly checkRd: (-1) sar_p1.Rd:49: Lost braces in \itemize; \value handles \item{}{} directly checkRd: (-1) sar_p1.Rd:50: Lost braces in \itemize; \value handles \item{}{} directly checkRd: (-1) sar_p1.Rd:51: Lost braces in \itemize; \value handles \item{}{} directly checkRd: (-1) sar_p1.Rd:52: Lost braces in \itemize; \value handles \item{}{} directly checkRd: (-1) sar_p1.Rd:53: Lost braces in \itemize; \value handles \item{}{} directly checkRd: (-1) sar_p1.Rd:54: Lost braces in \itemize; \value handles \item{}{} directly checkRd: (-1) sar_p1.Rd:55: Lost braces in \itemize; \value handles \item{}{} directly checkRd: (-1) sar_p1.Rd:56: Lost braces in \itemize; \value handles \item{}{} directly checkRd: (-1) sar_p1.Rd:57: Lost braces in \itemize; \value handles \item{}{} directly checkRd: (-1) sar_p1.Rd:58: Lost braces in \itemize; \value handles \item{}{} directly checkRd: (-1) sar_p1.Rd:59: Lost braces in \itemize; \value handles \item{}{} directly checkRd: (-1) sar_p1.Rd:60: Lost braces in \itemize; \value handles \item{}{} directly checkRd: (-1) sar_p1.Rd:61: Lost braces in \itemize; \value handles \item{}{} directly checkRd: (-1) sar_p1.Rd:62: Lost braces in \itemize; \value handles \item{}{} directly checkRd: (-1) sar_p2.Rd:40: Lost braces in \itemize; \value handles \item{}{} directly checkRd: (-1) sar_p2.Rd:41: Lost braces in \itemize; \value handles \item{}{} directly checkRd: (-1) sar_p2.Rd:42: Lost braces in \itemize; \value handles \item{}{} directly checkRd: (-1) sar_p2.Rd:43: Lost braces in \itemize; \value handles \item{}{} directly checkRd: (-1) sar_p2.Rd:44: Lost braces in \itemize; \value handles \item{}{} directly checkRd: (-1) sar_p2.Rd:45: Lost braces in \itemize; \value handles \item{}{} directly checkRd: (-1) sar_p2.Rd:46: Lost braces in \itemize; \value handles \item{}{} directly checkRd: (-1) sar_p2.Rd:47: Lost braces in \itemize; \value handles \item{}{} directly checkRd: (-1) sar_p2.Rd:48: Lost braces in \itemize; \value handles \item{}{} directly checkRd: (-1) sar_p2.Rd:49: Lost braces in \itemize; \value handles \item{}{} directly checkRd: (-1) sar_p2.Rd:50: Lost braces in \itemize; \value handles \item{}{} directly checkRd: (-1) sar_p2.Rd:51: Lost braces in \itemize; \value handles \item{}{} directly checkRd: (-1) sar_p2.Rd:52: Lost braces in \itemize; \value handles \item{}{} directly checkRd: (-1) sar_p2.Rd:53: Lost braces in \itemize; \value handles \item{}{} directly checkRd: (-1) sar_p2.Rd:54: Lost braces in \itemize; \value handles \item{}{} directly checkRd: (-1) sar_p2.Rd:55: Lost braces in \itemize; \value handles \item{}{} directly checkRd: (-1) sar_p2.Rd:56: Lost braces in \itemize; \value handles \item{}{} directly checkRd: (-1) sar_p2.Rd:57: Lost braces in \itemize; \value handles \item{}{} directly checkRd: (-1) sar_p2.Rd:58: Lost braces in \itemize; \value handles \item{}{} directly checkRd: (-1) sar_p2.Rd:59: Lost braces in \itemize; \value handles \item{}{} directly checkRd: (-1) sar_p2.Rd:60: Lost braces in \itemize; \value handles \item{}{} directly checkRd: (-1) sar_p2.Rd:61: Lost braces in \itemize; \value handles \item{}{} directly checkRd: (-1) sar_p2.Rd:62: Lost braces in \itemize; \value handles \item{}{} directly checkRd: (-1) sar_power.Rd:40: Lost braces in \itemize; \value handles \item{}{} directly checkRd: (-1) sar_power.Rd:41: Lost braces in \itemize; \value handles \item{}{} directly checkRd: (-1) sar_power.Rd:42: Lost braces in \itemize; \value handles \item{}{} directly checkRd: (-1) sar_power.Rd:43: Lost braces in \itemize; \value handles \item{}{} directly checkRd: (-1) sar_power.Rd:44: Lost braces in \itemize; \value handles \item{}{} directly checkRd: (-1) sar_power.Rd:45: Lost braces in \itemize; \value handles \item{}{} directly checkRd: (-1) sar_power.Rd:46: Lost braces in \itemize; \value handles \item{}{} directly checkRd: (-1) sar_power.Rd:47: Lost braces in \itemize; \value handles \item{}{} directly checkRd: (-1) sar_power.Rd:48: Lost braces in \itemize; \value handles \item{}{} directly checkRd: (-1) sar_power.Rd:49: Lost braces in \itemize; \value handles \item{}{} directly checkRd: (-1) sar_power.Rd:50: Lost braces in \itemize; \value handles \item{}{} directly checkRd: (-1) sar_power.Rd:51: Lost braces in \itemize; \value handles \item{}{} directly checkRd: (-1) sar_power.Rd:52: Lost braces in \itemize; \value handles \item{}{} directly checkRd: (-1) sar_power.Rd:53: Lost braces in \itemize; \value handles \item{}{} directly checkRd: (-1) sar_power.Rd:54: Lost braces in \itemize; \value handles \item{}{} directly checkRd: (-1) sar_power.Rd:55: Lost braces in \itemize; \value handles \item{}{} directly checkRd: (-1) sar_power.Rd:56: Lost braces in \itemize; \value handles \item{}{} directly checkRd: (-1) sar_power.Rd:57: Lost braces in \itemize; \value handles \item{}{} directly checkRd: (-1) sar_power.Rd:58: Lost braces in \itemize; \value handles \item{}{} directly checkRd: (-1) sar_power.Rd:59: Lost braces in \itemize; \value handles \item{}{} directly checkRd: (-1) sar_power.Rd:60: Lost braces in \itemize; \value handles \item{}{} directly checkRd: (-1) sar_power.Rd:61: Lost braces in \itemize; \value handles \item{}{} directly checkRd: (-1) sar_power.Rd:62: Lost braces in \itemize; \value handles \item{}{} directly checkRd: (-1) sar_powerR.Rd:40: Lost braces in \itemize; \value handles \item{}{} directly checkRd: (-1) sar_powerR.Rd:41: Lost braces in \itemize; \value handles \item{}{} directly checkRd: (-1) sar_powerR.Rd:42: Lost braces in \itemize; \value handles \item{}{} directly checkRd: (-1) sar_powerR.Rd:43: Lost braces in \itemize; \value handles \item{}{} directly checkRd: (-1) sar_powerR.Rd:44: Lost braces in \itemize; \value handles \item{}{} directly checkRd: (-1) sar_powerR.Rd:45: Lost braces in \itemize; \value handles \item{}{} directly checkRd: (-1) sar_powerR.Rd:46: Lost braces in \itemize; \value handles \item{}{} directly checkRd: (-1) sar_powerR.Rd:47: Lost braces in \itemize; \value handles \item{}{} directly checkRd: (-1) sar_powerR.Rd:48: Lost braces in \itemize; \value handles \item{}{} directly checkRd: (-1) sar_powerR.Rd:49: Lost braces in \itemize; \value handles \item{}{} directly checkRd: (-1) sar_powerR.Rd:50: Lost braces in \itemize; \value handles \item{}{} directly checkRd: (-1) sar_powerR.Rd:51: Lost braces in \itemize; \value handles \item{}{} directly checkRd: (-1) sar_powerR.Rd:52: Lost braces in \itemize; \value handles \item{}{} directly checkRd: (-1) sar_powerR.Rd:53: Lost braces in \itemize; \value handles \item{}{} directly checkRd: (-1) sar_powerR.Rd:54: Lost braces in \itemize; \value handles \item{}{} directly checkRd: (-1) sar_powerR.Rd:55: Lost braces in \itemize; \value handles \item{}{} directly checkRd: (-1) sar_powerR.Rd:56: Lost braces in \itemize; \value handles \item{}{} directly checkRd: (-1) sar_powerR.Rd:57: Lost braces in \itemize; \value handles \item{}{} directly checkRd: (-1) sar_powerR.Rd:58: Lost braces in \itemize; \value handles \item{}{} directly checkRd: (-1) sar_powerR.Rd:59: Lost braces in \itemize; \value handles \item{}{} directly checkRd: (-1) sar_powerR.Rd:60: Lost braces in \itemize; \value handles \item{}{} directly checkRd: (-1) sar_powerR.Rd:61: Lost braces in \itemize; \value handles \item{}{} directly checkRd: (-1) sar_powerR.Rd:62: Lost braces in \itemize; \value handles \item{}{} directly checkRd: (-1) sar_ratio.Rd:40: Lost braces in \itemize; \value handles \item{}{} directly checkRd: (-1) sar_ratio.Rd:41: Lost braces in \itemize; \value handles \item{}{} directly checkRd: (-1) sar_ratio.Rd:42: Lost braces in \itemize; \value handles \item{}{} directly checkRd: (-1) sar_ratio.Rd:43: Lost braces in \itemize; \value handles \item{}{} directly checkRd: (-1) sar_ratio.Rd:44: Lost braces in \itemize; \value handles \item{}{} directly checkRd: (-1) sar_ratio.Rd:45: Lost braces in \itemize; \value handles \item{}{} directly checkRd: (-1) sar_ratio.Rd:46: Lost braces in \itemize; \value handles \item{}{} directly checkRd: (-1) sar_ratio.Rd:47: Lost braces in \itemize; \value handles \item{}{} directly checkRd: (-1) sar_ratio.Rd:48: Lost braces in \itemize; \value handles \item{}{} directly checkRd: (-1) sar_ratio.Rd:49: Lost braces in \itemize; \value handles \item{}{} directly checkRd: (-1) sar_ratio.Rd:50: Lost braces in \itemize; \value handles \item{}{} directly checkRd: (-1) sar_ratio.Rd:51: Lost braces in \itemize; \value handles \item{}{} directly checkRd: (-1) sar_ratio.Rd:52: Lost braces in \itemize; \value handles \item{}{} directly checkRd: (-1) sar_ratio.Rd:53: Lost braces in \itemize; \value handles \item{}{} directly checkRd: (-1) sar_ratio.Rd:54: Lost braces in \itemize; \value handles \item{}{} directly checkRd: (-1) sar_ratio.Rd:55: Lost braces in \itemize; \value handles \item{}{} directly checkRd: (-1) sar_ratio.Rd:56: Lost braces in \itemize; \value handles \item{}{} directly checkRd: (-1) sar_ratio.Rd:57: Lost braces in \itemize; \value handles \item{}{} directly checkRd: (-1) sar_ratio.Rd:58: Lost braces in \itemize; \value handles \item{}{} directly checkRd: (-1) sar_ratio.Rd:59: Lost braces in \itemize; \value handles \item{}{} directly checkRd: (-1) sar_ratio.Rd:60: Lost braces in \itemize; \value handles \item{}{} directly checkRd: (-1) sar_ratio.Rd:61: Lost braces in \itemize; \value handles \item{}{} directly checkRd: (-1) sar_ratio.Rd:62: Lost braces in \itemize; \value handles \item{}{} directly checkRd: (-1) sar_weibull3.Rd:40: Lost braces in \itemize; \value handles \item{}{} directly checkRd: (-1) sar_weibull3.Rd:41: Lost braces in \itemize; \value handles \item{}{} directly checkRd: (-1) sar_weibull3.Rd:42: Lost braces in \itemize; \value handles \item{}{} directly checkRd: (-1) sar_weibull3.Rd:43: Lost braces in \itemize; \value handles \item{}{} directly checkRd: (-1) sar_weibull3.Rd:44: Lost braces in \itemize; \value handles \item{}{} directly checkRd: (-1) sar_weibull3.Rd:45: Lost braces in \itemize; \value handles \item{}{} directly checkRd: (-1) sar_weibull3.Rd:46: Lost braces in \itemize; \value handles \item{}{} directly checkRd: (-1) sar_weibull3.Rd:47: Lost braces in \itemize; \value handles \item{}{} directly checkRd: (-1) sar_weibull3.Rd:48: Lost braces in \itemize; \value handles \item{}{} directly checkRd: (-1) sar_weibull3.Rd:49: Lost braces in \itemize; \value handles \item{}{} directly checkRd: (-1) sar_weibull3.Rd:50: Lost braces in \itemize; \value handles \item{}{} directly checkRd: (-1) sar_weibull3.Rd:51: Lost braces in \itemize; \value handles \item{}{} directly checkRd: (-1) sar_weibull3.Rd:52: Lost braces in \itemize; \value handles \item{}{} directly checkRd: (-1) sar_weibull3.Rd:53: Lost braces in \itemize; \value handles \item{}{} directly checkRd: (-1) sar_weibull3.Rd:54: Lost braces in \itemize; \value handles \item{}{} directly checkRd: (-1) sar_weibull3.Rd:55: Lost braces in \itemize; \value handles \item{}{} directly checkRd: (-1) sar_weibull3.Rd:56: Lost braces in \itemize; \value handles \item{}{} directly checkRd: (-1) sar_weibull3.Rd:57: Lost braces in \itemize; \value handles \item{}{} directly checkRd: (-1) sar_weibull3.Rd:58: Lost braces in \itemize; \value handles \item{}{} directly checkRd: (-1) sar_weibull3.Rd:59: Lost braces in \itemize; \value handles \item{}{} directly checkRd: (-1) sar_weibull3.Rd:60: Lost braces in \itemize; \value handles \item{}{} directly checkRd: (-1) sar_weibull3.Rd:61: Lost braces in \itemize; \value handles \item{}{} directly checkRd: (-1) sar_weibull3.Rd:62: Lost braces in \itemize; \value handles \item{}{} directly checkRd: (-1) sar_weibull4.Rd:40: Lost braces in \itemize; \value handles \item{}{} directly checkRd: (-1) sar_weibull4.Rd:41: Lost braces in \itemize; \value handles \item{}{} directly checkRd: (-1) sar_weibull4.Rd:42: Lost braces in \itemize; \value handles \item{}{} directly checkRd: (-1) sar_weibull4.Rd:43: Lost braces in \itemize; \value handles \item{}{} directly checkRd: (-1) sar_weibull4.Rd:44: Lost braces in \itemize; \value handles \item{}{} directly checkRd: (-1) sar_weibull4.Rd:45: Lost braces in \itemize; \value handles \item{}{} directly checkRd: (-1) sar_weibull4.Rd:46: Lost braces in \itemize; \value handles \item{}{} directly checkRd: (-1) sar_weibull4.Rd:47: Lost braces in \itemize; \value handles \item{}{} directly checkRd: (-1) sar_weibull4.Rd:48: Lost braces in \itemize; \value handles \item{}{} directly checkRd: (-1) sar_weibull4.Rd:49: Lost braces in \itemize; \value handles \item{}{} directly checkRd: (-1) sar_weibull4.Rd:50: Lost braces in \itemize; \value handles \item{}{} directly checkRd: (-1) sar_weibull4.Rd:51: Lost braces in \itemize; \value handles \item{}{} directly checkRd: (-1) sar_weibull4.Rd:52: Lost braces in \itemize; \value handles \item{}{} directly checkRd: (-1) sar_weibull4.Rd:53: Lost braces in \itemize; \value handles \item{}{} directly checkRd: (-1) sar_weibull4.Rd:54: Lost braces in \itemize; \value handles \item{}{} directly checkRd: (-1) sar_weibull4.Rd:55: Lost braces in \itemize; \value handles \item{}{} directly checkRd: (-1) sar_weibull4.Rd:56: Lost braces in \itemize; \value handles \item{}{} directly checkRd: (-1) sar_weibull4.Rd:57: Lost braces in \itemize; \value handles \item{}{} directly checkRd: (-1) sar_weibull4.Rd:58: Lost braces in \itemize; \value handles \item{}{} directly checkRd: (-1) sar_weibull4.Rd:59: Lost braces in \itemize; \value handles \item{}{} directly checkRd: (-1) sar_weibull4.Rd:60: Lost braces in \itemize; \value handles \item{}{} directly checkRd: (-1) sar_weibull4.Rd:61: Lost braces in \itemize; \value handles \item{}{} directly checkRd: (-1) sar_weibull4.Rd:62: Lost braces in \itemize; \value handles \item{}{} directly Flavors: r-devel-linux-x86_64-debian-clang, r-devel-linux-x86_64-debian-gcc, r-devel-linux-x86_64-fedora-clang, r-devel-linux-x86_64-fedora-gcc