Last updated on 2023-12-07 07:50:45 CET.
Flavor | Version | Tinstall | Tcheck | Ttotal | Status | Flags |
---|---|---|---|---|---|---|
r-devel-linux-x86_64-debian-clang | 0.6.14 | 210.58 | 351.61 | 562.19 | NOTE | |
r-devel-linux-x86_64-debian-gcc | 0.6.14 | 146.63 | 333.77 | 480.40 | NOTE | |
r-devel-linux-x86_64-fedora-clang | 0.6.14 | 844.26 | NOTE | |||
r-devel-linux-x86_64-fedora-gcc | 0.6.14 | 719.56 | NOTE | |||
r-devel-windows-x86_64 | 0.6.14 | 14.00 | 415.00 | 429.00 | NOTE | |
r-patched-linux-x86_64 | 0.6.14 | 188.24 | 362.79 | 551.03 | NOTE | |
r-release-linux-x86_64 | 0.6.14 | 189.34 | 360.84 | 550.18 | NOTE | |
r-release-macos-arm64 | 0.6.14 | 117.00 | NOTE | |||
r-release-macos-x86_64 | 0.6.14 | 196.00 | NOTE | |||
r-release-windows-x86_64 | 0.6.14 | 17.00 | 455.00 | 472.00 | NOTE | |
r-oldrel-macos-arm64 | 0.6.14 | 110.00 | NOTE | |||
r-oldrel-macos-x86_64 | 0.6.14 | 147.00 | NOTE | |||
r-oldrel-windows-x86_64 | 0.6.14 | 15.00 | 480.00 | 495.00 | NOTE |
Version: 0.6.14
Check: C++ specification
Result: NOTE
Specified C++11: please drop specification unless essential
Flavors: r-devel-linux-x86_64-debian-clang, r-devel-linux-x86_64-debian-gcc, r-devel-linux-x86_64-fedora-clang, r-devel-linux-x86_64-fedora-gcc, r-patched-linux-x86_64, r-release-linux-x86_64, r-release-macos-arm64, r-release-macos-x86_64
Version: 0.6.14
Check: installed package size
Result: NOTE
installed size is 6.6Mb
sub-directories of 1Mb or more:
bin 5.8Mb
Flavors: r-devel-windows-x86_64, r-release-macos-arm64, r-release-macos-x86_64, r-release-windows-x86_64, r-oldrel-macos-arm64, r-oldrel-macos-x86_64, r-oldrel-windows-x86_64