CRAN Package Check Results for Package sas7bdat

Last updated on 2021-12-04 11:52:48 CET.

Flavor Version Tinstall Tcheck Ttotal Status Flags
r-devel-linux-x86_64-debian-clang 0.5 2.87 37.97 40.84 NOTE
r-devel-linux-x86_64-debian-gcc 0.5 2.10 30.45 32.55 NOTE
r-devel-linux-x86_64-fedora-clang 0.5 53.37 NOTE
r-devel-linux-x86_64-fedora-gcc 0.5 42.57 NOTE
r-devel-windows-x86_64-new-UL 0.5 6.00 86.00 92.00 NOTE
r-devel-windows-x86_64-new-TK 0.5 NOTE
r-devel-windows-x86_64-old 0.5 4.00 36.00 40.00 NOTE
r-patched-linux-x86_64 0.5 2.81 29.87 32.68 NOTE
r-release-linux-x86_64 0.5 2.65 29.94 32.59 NOTE
r-release-macos-arm64 0.5 NOTE
r-release-macos-x86_64 0.5 NOTE
r-release-windows-ix86+x86_64 0.5 5.00 40.00 45.00 NOTE
r-oldrel-macos-x86_64 0.5 NOTE
r-oldrel-windows-ix86+x86_64 0.5 4.00 37.00 41.00 NOTE

Check Details

Version: 0.5
Check: R code for possible problems
Result: NOTE
    download.sas7bdat.sources : <anonymous>: no visible global function
     definition for 'download.file'
    generate.sas7bdat.source: no visible global function definition for
     'download.file'
    Undefined global functions or variables:
     download.file
    Consider adding
     importFrom("utils", "download.file")
    to your NAMESPACE file.
Flavors: r-devel-linux-x86_64-debian-clang, r-devel-linux-x86_64-debian-gcc, r-devel-linux-x86_64-fedora-clang, r-devel-linux-x86_64-fedora-gcc, r-devel-windows-x86_64-new-UL, r-devel-windows-x86_64-new-TK, r-devel-windows-x86_64-old, r-patched-linux-x86_64, r-release-linux-x86_64, r-release-macos-arm64, r-release-macos-x86_64, r-release-windows-ix86+x86_64, r-oldrel-macos-x86_64, r-oldrel-windows-ix86+x86_64